{"id":2230,"date":"2024-10-11T10:31:07","date_gmt":"2024-10-11T08:31:07","guid":{"rendered":"https:\/\/klienci.scepter.agency\/greston\/?page_id=2230"},"modified":"2024-10-11T11:26:25","modified_gmt":"2024-10-11T09:26:25","slug":"revigres","status":"publish","type":"page","link":"https:\/\/klienci.scepter.agency\/greston\/marki\/revigres\/","title":{"rendered":"Revigres"},"content":{"rendered":"\n<p><strong>Revigres<\/strong> to renomowany portugalski producent p\u0142ytek ceramicznych, znany z innowacyjnych rozwi\u0105za\u0144, doskona\u0142ej jako\u015bci i estetyki. Firma od lat dostarcza r\u00f3\u017cnorodne kolekcje p\u0142ytek \u015bciennych i pod\u0142ogowych, kt\u00f3re \u0142\u0105cz\u0105 w sobie nowoczesny design z funkcjonalno\u015bci\u0105. W swojej ofercie posiada zar\u00f3wno p\u0142ytki ceramiczne, jak i gresowe, a tak\u017ce produkty wyko\u0144czeniowe.<\/p>\n\n\n\n<p>Kolekcja <strong>Crom\u00e1tica<\/strong> jest jedn\u0105 z najbardziej cenionych serii. Charakteryzuje si\u0119 bogat\u0105 palet\u0105 barw i minimalistycznym designem, wyst\u0119puje w 30 monocolorach, co czyni j\u0105 wszechstronnym rozwi\u0105zaniem dla r\u00f3\u017cnych projekt\u00f3w. Dzi\u0119ki g\u0142adkiej powierzchni, jednolitym kolorem i r\u00f3\u017cnym formatom p\u0142ytki z tej serii idealnie nadaj\u0105 si\u0119 do wn\u0119trz o r\u00f3\u017cnym charakterze, od minimalistycznych po bardziej wyraziste aran\u017cacje.<\/p>\n\n\n\n<p>Revigres zdobywa uznanie na rynku mi\u0119dzynarodowym g\u0142\u00f3wnie dzi\u0119ki:<\/p>\n\n\n\n<ul class=\"wp-block-list\">\n<li><strong>Innowacyjno\u015bci<\/strong>: Firma stale wprowadza nowe technologie produkcji, co pozwala jej oferowa\u0107 produkty o wysokiej odporno\u015bci i trwa\u0142o\u015bci.<\/li>\n\n\n\n<li><strong>Design<\/strong>: Kolekcje s\u0105 inspirowane aktualnymi trendami w architekturze i wn\u0119trzarstwie, a jednocze\u015bnie zachowuj\u0105 uniwersalny styl, kt\u00f3ry pozwala na ich wykorzystanie w r\u00f3\u017cnorodnych projektach.<\/li>\n\n\n\n<li><strong>Jako\u015bci wykonania<\/strong>: Ka\u017cda kolekcja jest starannie opracowana pod k\u0105tem estetycznym, ale tak\u017ce funkcjonalnym, dzi\u0119ki czemu p\u0142ytki s\u0105 trwa\u0142e, \u0142atwe w utrzymaniu i odporne na uszkodzenia.<\/li>\n\n\n\n<li><strong>Zr\u00f3wnowa\u017cony rozw\u00f3j<\/strong>: Revigres stosuje zr\u00f3wnowa\u017cone metody produkcji, dbaj\u0105c o \u015brodowisko, co jest coraz bardziej cenione przez klient\u00f3w.<\/li>\n<\/ul>\n\n\n\n<p>P\u0142ytki Revigres s\u0105 popularne zar\u00f3wno w projektach mieszkaniowych, jak i komercyjnych, oferuj\u0105c szeroki wachlarz rozwi\u0105za\u0144 dla ka\u017cdego typu wn\u0119trza.<\/p>\n\n\n\n<div class=\"wp-block-buttons is-layout-flex wp-block-buttons-is-layout-flex\">\n<div class=\"wp-block-button\"><a class=\"wp-block-button__link wp-element-button\" href=\"http:\/\/revigres.pt\/en\" target=\"_blank\" rel=\"noreferrer noopener\">Zobacz stron\u0119 producenta<\/a><\/div>\n<\/div>\n\n\n\n<p><\/p>\n","protected":false},"excerpt":{"rendered":"<p>Revigres to renomowany portugalski producent p\u0142ytek ceramicznych, znany z innowacyjnych rozwi\u0105za\u0144, doskona\u0142ej jako\u015bci i estetyki. Firma od lat dostarcza r\u00f3\u017cnorodne kolekcje p\u0142ytek \u015bciennych i pod\u0142ogowych, kt\u00f3re \u0142\u0105cz\u0105 w sobie nowoczesny design z funkcjonalno\u015bci\u0105. W swojej ofercie posiada zar\u00f3wno p\u0142ytki ceramiczne, jak i gresowe, a tak\u017ce produkty wyko\u0144czeniowe. Kolekcja Crom\u00e1tica jest jedn\u0105 z najbardziej cenionych serii. [&hellip;]<\/p>\n","protected":false},"author":3,"featured_media":2243,"parent":18,"menu_order":0,"comment_status":"closed","ping_status":"closed","template":"pages\/marka.php","meta":{"footnotes":""},"class_list":["post-2230","page","type-page","status-publish","has-post-thumbnail","hentry"],"acf":[],"yoast_head":"<!-- This site is optimized with the Yoast SEO plugin v23.2 - https:\/\/yoast.com\/wordpress\/plugins\/seo\/ -->\n<title>Revigres - Salon \u0142azienek Warszawa, armatura, gresy i akcesoria - Greston<\/title>\n<meta name=\"robots\" content=\"noindex, follow, max-snippet:-1, max-image-preview:large, max-video-preview:-1\" \/>\n<meta property=\"og:locale\" content=\"pl_PL\" \/>\n<meta property=\"og:type\" content=\"article\" \/>\n<meta property=\"og:title\" content=\"Revigres - Salon \u0142azienek Warszawa, armatura, gresy i akcesoria - Greston\" \/>\n<meta property=\"og:description\" content=\"Revigres to renomowany portugalski producent p\u0142ytek ceramicznych, znany z innowacyjnych rozwi\u0105za\u0144, doskona\u0142ej jako\u015bci i estetyki. Firma od lat dostarcza r\u00f3\u017cnorodne kolekcje p\u0142ytek \u015bciennych i pod\u0142ogowych, kt\u00f3re \u0142\u0105cz\u0105 w sobie nowoczesny design z funkcjonalno\u015bci\u0105. W swojej ofercie posiada zar\u00f3wno p\u0142ytki ceramiczne, jak i gresowe, a tak\u017ce produkty wyko\u0144czeniowe. Kolekcja Crom\u00e1tica jest jedn\u0105 z najbardziej cenionych serii. [&hellip;]\" \/>\n<meta property=\"og:url\" content=\"https:\/\/klienci.scepter.agency\/greston\/marki\/revigres\/\" \/>\n<meta property=\"og:site_name\" content=\"Salon \u0142azienek Warszawa, armatura, gresy i akcesoria - Greston\" \/>\n<meta property=\"article:modified_time\" content=\"2024-10-11T09:26:25+00:00\" \/>\n<meta property=\"og:image\" content=\"https:\/\/klienci.scepter.agency\/greston\/wp-content\/uploads\/2024\/10\/Cromatica_Indigo_Dialba_Stn_carbon_Hall_Entrada_Amb10_v1.jpg\" \/>\n\t<meta property=\"og:image:width\" content=\"1200\" \/>\n\t<meta property=\"og:image:height\" content=\"1200\" \/>\n\t<meta property=\"og:image:type\" content=\"image\/jpeg\" \/>\n<meta name=\"twitter:card\" content=\"summary_large_image\" \/>\n<meta name=\"twitter:label1\" content=\"Szacowany czas czytania\" \/>\n\t<meta name=\"twitter:data1\" content=\"2 minuty\" \/>\n<script type=\"application\/ld+json\" class=\"yoast-schema-graph\">{\"@context\":\"https:\/\/schema.org\",\"@graph\":[{\"@type\":\"WebPage\",\"@id\":\"https:\/\/klienci.scepter.agency\/greston\/marki\/revigres\/\",\"url\":\"https:\/\/klienci.scepter.agency\/greston\/marki\/revigres\/\",\"name\":\"Revigres - Salon \u0142azienek Warszawa, armatura, gresy i akcesoria - Greston\",\"isPartOf\":{\"@id\":\"https:\/\/klienci.scepter.agency\/greston\/#website\"},\"primaryImageOfPage\":{\"@id\":\"https:\/\/klienci.scepter.agency\/greston\/marki\/revigres\/#primaryimage\"},\"image\":{\"@id\":\"https:\/\/klienci.scepter.agency\/greston\/marki\/revigres\/#primaryimage\"},\"thumbnailUrl\":\"https:\/\/klienci.scepter.agency\/greston\/wp-content\/uploads\/2024\/10\/Cromatica_Indigo_Dialba_Stn_carbon_Hall_Entrada_Amb10_v1.jpg\",\"datePublished\":\"2024-10-11T08:31:07+00:00\",\"dateModified\":\"2024-10-11T09:26:25+00:00\",\"breadcrumb\":{\"@id\":\"https:\/\/klienci.scepter.agency\/greston\/marki\/revigres\/#breadcrumb\"},\"inLanguage\":\"pl-PL\",\"potentialAction\":[{\"@type\":\"ReadAction\",\"target\":[\"https:\/\/klienci.scepter.agency\/greston\/marki\/revigres\/\"]}]},{\"@type\":\"ImageObject\",\"inLanguage\":\"pl-PL\",\"@id\":\"https:\/\/klienci.scepter.agency\/greston\/marki\/revigres\/#primaryimage\",\"url\":\"https:\/\/klienci.scepter.agency\/greston\/wp-content\/uploads\/2024\/10\/Cromatica_Indigo_Dialba_Stn_carbon_Hall_Entrada_Amb10_v1.jpg\",\"contentUrl\":\"https:\/\/klienci.scepter.agency\/greston\/wp-content\/uploads\/2024\/10\/Cromatica_Indigo_Dialba_Stn_carbon_Hall_Entrada_Amb10_v1.jpg\",\"width\":1200,\"height\":1200},{\"@type\":\"BreadcrumbList\",\"@id\":\"https:\/\/klienci.scepter.agency\/greston\/marki\/revigres\/#breadcrumb\",\"itemListElement\":[{\"@type\":\"ListItem\",\"position\":1,\"name\":\"Strona g\u0142\u00f3wna\",\"item\":\"https:\/\/klienci.scepter.agency\/greston\/\"},{\"@type\":\"ListItem\",\"position\":2,\"name\":\"Marki\",\"item\":\"https:\/\/klienci.scepter.agency\/greston\/marki\/\"},{\"@type\":\"ListItem\",\"position\":3,\"name\":\"Revigres\"}]},{\"@type\":\"WebSite\",\"@id\":\"https:\/\/klienci.scepter.agency\/greston\/#website\",\"url\":\"https:\/\/klienci.scepter.agency\/greston\/\",\"name\":\"Salon \u0142azienek Warszawa, armatura, gresy i akcesoria - Greston\",\"description\":\"\",\"potentialAction\":[{\"@type\":\"SearchAction\",\"target\":{\"@type\":\"EntryPoint\",\"urlTemplate\":\"https:\/\/klienci.scepter.agency\/greston\/?s={search_term_string}\"},\"query-input\":\"required name=search_term_string\"}],\"inLanguage\":\"pl-PL\"}]}<\/script>\n<!-- \/ Yoast SEO plugin. -->","yoast_head_json":{"title":"Revigres - Salon \u0142azienek Warszawa, armatura, gresy i akcesoria - Greston","robots":{"index":"noindex","follow":"follow","max-snippet":"max-snippet:-1","max-image-preview":"max-image-preview:large","max-video-preview":"max-video-preview:-1"},"og_locale":"pl_PL","og_type":"article","og_title":"Revigres - Salon \u0142azienek Warszawa, armatura, gresy i akcesoria - Greston","og_description":"Revigres to renomowany portugalski producent p\u0142ytek ceramicznych, znany z innowacyjnych rozwi\u0105za\u0144, doskona\u0142ej jako\u015bci i estetyki. Firma od lat dostarcza r\u00f3\u017cnorodne kolekcje p\u0142ytek \u015bciennych i pod\u0142ogowych, kt\u00f3re \u0142\u0105cz\u0105 w sobie nowoczesny design z funkcjonalno\u015bci\u0105. W swojej ofercie posiada zar\u00f3wno p\u0142ytki ceramiczne, jak i gresowe, a tak\u017ce produkty wyko\u0144czeniowe. Kolekcja Crom\u00e1tica jest jedn\u0105 z najbardziej cenionych serii. [&hellip;]","og_url":"https:\/\/klienci.scepter.agency\/greston\/marki\/revigres\/","og_site_name":"Salon \u0142azienek Warszawa, armatura, gresy i akcesoria - Greston","article_modified_time":"2024-10-11T09:26:25+00:00","og_image":[{"width":1200,"height":1200,"url":"https:\/\/klienci.scepter.agency\/greston\/wp-content\/uploads\/2024\/10\/Cromatica_Indigo_Dialba_Stn_carbon_Hall_Entrada_Amb10_v1.jpg","type":"image\/jpeg"}],"twitter_card":"summary_large_image","twitter_misc":{"Szacowany czas czytania":"2 minuty"},"schema":{"@context":"https:\/\/schema.org","@graph":[{"@type":"WebPage","@id":"https:\/\/klienci.scepter.agency\/greston\/marki\/revigres\/","url":"https:\/\/klienci.scepter.agency\/greston\/marki\/revigres\/","name":"Revigres - Salon \u0142azienek Warszawa, armatura, gresy i akcesoria - Greston","isPartOf":{"@id":"https:\/\/klienci.scepter.agency\/greston\/#website"},"primaryImageOfPage":{"@id":"https:\/\/klienci.scepter.agency\/greston\/marki\/revigres\/#primaryimage"},"image":{"@id":"https:\/\/klienci.scepter.agency\/greston\/marki\/revigres\/#primaryimage"},"thumbnailUrl":"https:\/\/klienci.scepter.agency\/greston\/wp-content\/uploads\/2024\/10\/Cromatica_Indigo_Dialba_Stn_carbon_Hall_Entrada_Amb10_v1.jpg","datePublished":"2024-10-11T08:31:07+00:00","dateModified":"2024-10-11T09:26:25+00:00","breadcrumb":{"@id":"https:\/\/klienci.scepter.agency\/greston\/marki\/revigres\/#breadcrumb"},"inLanguage":"pl-PL","potentialAction":[{"@type":"ReadAction","target":["https:\/\/klienci.scepter.agency\/greston\/marki\/revigres\/"]}]},{"@type":"ImageObject","inLanguage":"pl-PL","@id":"https:\/\/klienci.scepter.agency\/greston\/marki\/revigres\/#primaryimage","url":"https:\/\/klienci.scepter.agency\/greston\/wp-content\/uploads\/2024\/10\/Cromatica_Indigo_Dialba_Stn_carbon_Hall_Entrada_Amb10_v1.jpg","contentUrl":"https:\/\/klienci.scepter.agency\/greston\/wp-content\/uploads\/2024\/10\/Cromatica_Indigo_Dialba_Stn_carbon_Hall_Entrada_Amb10_v1.jpg","width":1200,"height":1200},{"@type":"BreadcrumbList","@id":"https:\/\/klienci.scepter.agency\/greston\/marki\/revigres\/#breadcrumb","itemListElement":[{"@type":"ListItem","position":1,"name":"Strona g\u0142\u00f3wna","item":"https:\/\/klienci.scepter.agency\/greston\/"},{"@type":"ListItem","position":2,"name":"Marki","item":"https:\/\/klienci.scepter.agency\/greston\/marki\/"},{"@type":"ListItem","position":3,"name":"Revigres"}]},{"@type":"WebSite","@id":"https:\/\/klienci.scepter.agency\/greston\/#website","url":"https:\/\/klienci.scepter.agency\/greston\/","name":"Salon \u0142azienek Warszawa, armatura, gresy i akcesoria - Greston","description":"","potentialAction":[{"@type":"SearchAction","target":{"@type":"EntryPoint","urlTemplate":"https:\/\/klienci.scepter.agency\/greston\/?s={search_term_string}"},"query-input":"required name=search_term_string"}],"inLanguage":"pl-PL"}]}},"_links":{"self":[{"href":"https:\/\/klienci.scepter.agency\/greston\/wp-json\/wp\/v2\/pages\/2230","targetHints":{"allow":["GET"]}}],"collection":[{"href":"https:\/\/klienci.scepter.agency\/greston\/wp-json\/wp\/v2\/pages"}],"about":[{"href":"https:\/\/klienci.scepter.agency\/greston\/wp-json\/wp\/v2\/types\/page"}],"author":[{"embeddable":true,"href":"https:\/\/klienci.scepter.agency\/greston\/wp-json\/wp\/v2\/users\/3"}],"replies":[{"embeddable":true,"href":"https:\/\/klienci.scepter.agency\/greston\/wp-json\/wp\/v2\/comments?post=2230"}],"version-history":[{"count":4,"href":"https:\/\/klienci.scepter.agency\/greston\/wp-json\/wp\/v2\/pages\/2230\/revisions"}],"predecessor-version":[{"id":2244,"href":"https:\/\/klienci.scepter.agency\/greston\/wp-json\/wp\/v2\/pages\/2230\/revisions\/2244"}],"up":[{"embeddable":true,"href":"https:\/\/klienci.scepter.agency\/greston\/wp-json\/wp\/v2\/pages\/18"}],"wp:featuredmedia":[{"embeddable":true,"href":"https:\/\/klienci.scepter.agency\/greston\/wp-json\/wp\/v2\/media\/2243"}],"wp:attachment":[{"href":"https:\/\/klienci.scepter.agency\/greston\/wp-json\/wp\/v2\/media?parent=2230"}],"curies":[{"name":"wp","href":"https:\/\/api.w.org\/{rel}","templated":true}]}}