{"id":321,"date":"2024-08-13T21:34:57","date_gmt":"2024-08-13T19:34:57","guid":{"rendered":"https:\/\/klienci.scepter.agency\/greston\/?page_id=321"},"modified":"2024-10-11T14:33:25","modified_gmt":"2024-10-11T12:33:25","slug":"tres-griferia","status":"publish","type":"page","link":"https:\/\/klienci.scepter.agency\/greston\/marki\/tres-griferia\/","title":{"rendered":"Tres Griferia"},"content":{"rendered":"\n<p><strong>Tres Griferie<\/strong> to hiszpa\u0144ski producent armatury \u0142azienkowej i kuchennej, kt\u00f3ry od ponad 50 lat dostarcza rozwi\u0105zania o najwy\u017cszej jako\u015bci, innowacyjnym designie i wyj\u0105tkowej funkcjonalno\u015bci. Firma, z siedzib\u0105 w Barcelonie, jest rodzinnym przedsi\u0119biorstwem, kt\u00f3re swoj\u0105 renom\u0119 zbudowa\u0142o na solidnych podstawach rzemie\u015blniczych oraz na nieustannej dba\u0142o\u015bci o detale. <strong>Tres<\/strong> jest obecnie jednym z lider\u00f3w rynku armatury w Europie, dostarczaj\u0105c swoje produkty do ponad 70 kraj\u00f3w na ca\u0142ym \u015bwiecie.<\/p>\n\n\n\n<p><strong>Tres Griferie<\/strong> oferuje szerok\u0105 gam\u0119 baterii \u0142azienkowych i kuchennych, natrysk\u00f3w oraz rozwi\u0105za\u0144 prysznicowych, kt\u00f3re wyr\u00f3\u017cniaj\u0105 si\u0119 nie tylko nowoczesnym designem, ale tak\u017ce trwa\u0142o\u015bci\u0105 i ekologicznymi funkcjami. Produkty tej marki \u0142\u0105cz\u0105 w sobie nowatorskie technologie z eleganckim wzornictwem, co sprawia, \u017ce doskonale wpisuj\u0105 si\u0119 w r\u00f3\u017cnorodne style wn\u0119trz \u2013 od minimalistycznych i nowoczesnych, po bardziej klasyczne aran\u017cacje.<\/p>\n\n\n\n<p>W ofercie <strong>Tres Griferie<\/strong> znajduj\u0105 si\u0119 tak\u017ce innowacyjne systemy prysznicowe, w tym <strong>Tres Shower Technology<\/strong>, kt\u00f3ra zapewnia maksymalny komfort u\u017cytkowania, a tak\u017ce systemy oszcz\u0119dzania wody, kt\u00f3re przyczyniaj\u0105 si\u0119 do ochrony \u015brodowiska. Firma nieustannie inwestuje w badania i rozw\u00f3j, oferuj\u0105c produkty wyposa\u017cone w technologie, kt\u00f3re zwi\u0119kszaj\u0105 komfort u\u017cytkowania i wp\u0142ywaj\u0105 na zmniejszenie zu\u017cycia wody, co jest szczeg\u00f3lnie wa\u017cne w dobie rosn\u0105cej \u015bwiadomo\u015bci ekologicznej.<\/p>\n\n\n\n<p>W\u015br\u00f3d najpopularniejszych kolekcji <strong>Tres<\/strong> wyr\u00f3\u017cniaj\u0105 si\u0119:<\/p>\n\n\n\n<ul class=\"wp-block-list\">\n<li><strong>Loft-Tres<\/strong> \u2013 kolekcja, kt\u00f3ra idealnie \u0142\u0105czy styl retro z nowoczesnymi technologiami. <strong>Loft-Tres<\/strong> to propozycja dla os\u00f3b poszukuj\u0105cych eleganckiego wzornictwa inspirowanego klasyk\u0105, kt\u00f3re jednocze\u015bnie spe\u0142nia wsp\u00f3\u0142czesne wymagania dotycz\u0105ce funkcjonalno\u015bci i wydajno\u015bci.<\/li>\n\n\n\n<li><strong>Study-Tres<\/strong> \u2013 linia baterii, kt\u00f3ra charakteryzuje si\u0119 prostym, minimalistycznym designem i szerok\u0105 gam\u0105 dost\u0119pnych wyko\u0144cze\u0144. <strong>Study-Tres<\/strong> doskonale sprawdza si\u0119 w nowoczesnych wn\u0119trzach, oferuj\u0105c elegancj\u0119 i funkcjonalno\u015b\u0107 w jednym.<\/li>\n\n\n\n<li><strong>Tres Exclusive<\/strong> \u2013 kolekcja premium, stworzona z my\u015bl\u0105 o najbardziej wymagaj\u0105cych klientach, kt\u00f3rzy pragn\u0105 po\u0142\u0105czy\u0107 luksus z wyj\u0105tkow\u0105 jako\u015bci\u0105. <strong>Tres Exclusive<\/strong> to linia produkt\u00f3w o nowoczesnym wzornictwie, dost\u0119pna w r\u00f3\u017cnych wyko\u0144czeniach, w tym w z\u0142ocie, szczotkowanej stali i matowej czerni, co pozwala na stworzenie unikalnych aran\u017cacji \u0142azienkowych.<\/li>\n\n\n\n<li><strong>Slim Exclusive<\/strong> \u2013 elegancka i smuk\u0142a linia baterii, stworzona z my\u015bl\u0105 o minimalistycznych przestrzeniach. <strong>Slim Exclusive<\/strong> to po\u0142\u0105czenie subtelno\u015bci z nowoczesno\u015bci\u0105, idealnie pasuj\u0105ce do \u0142azienek, kt\u00f3re charakteryzuj\u0105 si\u0119 prostymi formami i delikatnymi akcentami.<\/li>\n<\/ul>\n\n\n\n<p><strong>Tres Griferie<\/strong> stawia tak\u017ce na jako\u015b\u0107 swoich produkt\u00f3w, kt\u00f3ra jest potwierdzona licznymi certyfikatami i kontrol\u0105 jako\u015bci na ka\u017cdym etapie produkcji. Firma stosuje nowoczesne technologie produkcyjne, dzi\u0119ki kt\u00f3rym jej armatura charakteryzuje si\u0119 wyj\u0105tkow\u0105 trwa\u0142o\u015bci\u0105 oraz niezawodno\u015bci\u0105.<\/p>\n\n\n\n<p><strong>Tres<\/strong> to marka, kt\u00f3ra \u0142\u0105czy estetyk\u0119 z funkcjonalno\u015bci\u0105, oferuj\u0105c armatur\u0119, kt\u00f3ra nie tylko u\u0142atwia codzienne czynno\u015bci, ale r\u00f3wnie\u017c stanowi ozdob\u0119 ka\u017cdej \u0142azienki i kuchni. Dzi\u0119ki szerokiej ofercie, r\u00f3\u017cnorodnym kolekcjom i wyko\u0144czeniom, <strong>Tres Griferie<\/strong> jest idealnym wyborem dla tych, kt\u00f3rzy szukaj\u0105 stylowych, innowacyjnych i ekologicznych rozwi\u0105za\u0144 do swoich wn\u0119trz.<\/p>\n\n\n\n<p><\/p>\n\n\n\n<div class=\"wp-block-buttons is-layout-flex wp-block-buttons-is-layout-flex\">\n<div class=\"wp-block-button\"><a class=\"wp-block-button__link wp-element-button\" href=\"https:\/\/www.tresgriferia.com\/\" target=\"_blank\" rel=\"noreferrer noopener\">Zobacz stron\u0119 producenta<\/a><\/div>\n<\/div>\n","protected":false},"excerpt":{"rendered":"<p>Tres Griferie to hiszpa\u0144ski producent armatury \u0142azienkowej i kuchennej, kt\u00f3ry od ponad 50 lat dostarcza rozwi\u0105zania o najwy\u017cszej jako\u015bci, innowacyjnym designie i wyj\u0105tkowej funkcjonalno\u015bci. Firma, z siedzib\u0105 w Barcelonie, jest rodzinnym przedsi\u0119biorstwem, kt\u00f3re swoj\u0105 renom\u0119 zbudowa\u0142o na solidnych podstawach rzemie\u015blniczych oraz na nieustannej dba\u0142o\u015bci o detale. Tres jest obecnie jednym z lider\u00f3w rynku armatury w [&hellip;]<\/p>\n","protected":false},"author":1,"featured_media":1725,"parent":18,"menu_order":0,"comment_status":"closed","ping_status":"closed","template":"pages\/marka.php","meta":{"footnotes":""},"class_list":["post-321","page","type-page","status-publish","has-post-thumbnail","hentry"],"acf":[],"yoast_head":"<!-- This site is optimized with the Yoast SEO plugin v23.2 - https:\/\/yoast.com\/wordpress\/plugins\/seo\/ -->\n<title>Tres Griferia - Salon \u0142azienek Warszawa, armatura, gresy i akcesoria - Greston<\/title>\n<meta name=\"robots\" content=\"noindex, follow, max-snippet:-1, max-image-preview:large, max-video-preview:-1\" \/>\n<meta property=\"og:locale\" content=\"pl_PL\" \/>\n<meta property=\"og:type\" content=\"article\" \/>\n<meta property=\"og:title\" content=\"Tres Griferia - Salon \u0142azienek Warszawa, armatura, gresy i akcesoria - Greston\" \/>\n<meta property=\"og:description\" content=\"Tres Griferie to hiszpa\u0144ski producent armatury \u0142azienkowej i kuchennej, kt\u00f3ry od ponad 50 lat dostarcza rozwi\u0105zania o najwy\u017cszej jako\u015bci, innowacyjnym designie i wyj\u0105tkowej funkcjonalno\u015bci. Firma, z siedzib\u0105 w Barcelonie, jest rodzinnym przedsi\u0119biorstwem, kt\u00f3re swoj\u0105 renom\u0119 zbudowa\u0142o na solidnych podstawach rzemie\u015blniczych oraz na nieustannej dba\u0142o\u015bci o detale. Tres jest obecnie jednym z lider\u00f3w rynku armatury w [&hellip;]\" \/>\n<meta property=\"og:url\" content=\"https:\/\/klienci.scepter.agency\/greston\/marki\/tres-griferia\/\" \/>\n<meta property=\"og:site_name\" content=\"Salon \u0142azienek Warszawa, armatura, gresy i akcesoria - Greston\" \/>\n<meta property=\"article:modified_time\" content=\"2024-10-11T12:33:25+00:00\" \/>\n<meta property=\"og:image\" content=\"https:\/\/klienci.scepter.agency\/greston\/wp-content\/uploads\/2024\/10\/wyrozniajace-13.jpg\" \/>\n\t<meta property=\"og:image:width\" content=\"853\" \/>\n\t<meta property=\"og:image:height\" content=\"553\" \/>\n\t<meta property=\"og:image:type\" content=\"image\/jpeg\" \/>\n<meta name=\"twitter:card\" content=\"summary_large_image\" \/>\n<meta name=\"twitter:label1\" content=\"Szacowany czas czytania\" \/>\n\t<meta name=\"twitter:data1\" content=\"3 minuty\" \/>\n<script type=\"application\/ld+json\" class=\"yoast-schema-graph\">{\"@context\":\"https:\/\/schema.org\",\"@graph\":[{\"@type\":\"WebPage\",\"@id\":\"https:\/\/klienci.scepter.agency\/greston\/marki\/tres-griferia\/\",\"url\":\"https:\/\/klienci.scepter.agency\/greston\/marki\/tres-griferia\/\",\"name\":\"Tres Griferia - Salon \u0142azienek Warszawa, armatura, gresy i akcesoria - Greston\",\"isPartOf\":{\"@id\":\"https:\/\/klienci.scepter.agency\/greston\/#website\"},\"primaryImageOfPage\":{\"@id\":\"https:\/\/klienci.scepter.agency\/greston\/marki\/tres-griferia\/#primaryimage\"},\"image\":{\"@id\":\"https:\/\/klienci.scepter.agency\/greston\/marki\/tres-griferia\/#primaryimage\"},\"thumbnailUrl\":\"https:\/\/klienci.scepter.agency\/greston\/wp-content\/uploads\/2024\/10\/wyrozniajace-13.jpg\",\"datePublished\":\"2024-08-13T19:34:57+00:00\",\"dateModified\":\"2024-10-11T12:33:25+00:00\",\"breadcrumb\":{\"@id\":\"https:\/\/klienci.scepter.agency\/greston\/marki\/tres-griferia\/#breadcrumb\"},\"inLanguage\":\"pl-PL\",\"potentialAction\":[{\"@type\":\"ReadAction\",\"target\":[\"https:\/\/klienci.scepter.agency\/greston\/marki\/tres-griferia\/\"]}]},{\"@type\":\"ImageObject\",\"inLanguage\":\"pl-PL\",\"@id\":\"https:\/\/klienci.scepter.agency\/greston\/marki\/tres-griferia\/#primaryimage\",\"url\":\"https:\/\/klienci.scepter.agency\/greston\/wp-content\/uploads\/2024\/10\/wyrozniajace-13.jpg\",\"contentUrl\":\"https:\/\/klienci.scepter.agency\/greston\/wp-content\/uploads\/2024\/10\/wyrozniajace-13.jpg\",\"width\":853,\"height\":553,\"caption\":\"xr:d:DAFSquEdodU:18,j:41768005320,t:22112211\"},{\"@type\":\"BreadcrumbList\",\"@id\":\"https:\/\/klienci.scepter.agency\/greston\/marki\/tres-griferia\/#breadcrumb\",\"itemListElement\":[{\"@type\":\"ListItem\",\"position\":1,\"name\":\"Strona g\u0142\u00f3wna\",\"item\":\"https:\/\/klienci.scepter.agency\/greston\/\"},{\"@type\":\"ListItem\",\"position\":2,\"name\":\"Marki\",\"item\":\"https:\/\/klienci.scepter.agency\/greston\/marki\/\"},{\"@type\":\"ListItem\",\"position\":3,\"name\":\"Tres Griferia\"}]},{\"@type\":\"WebSite\",\"@id\":\"https:\/\/klienci.scepter.agency\/greston\/#website\",\"url\":\"https:\/\/klienci.scepter.agency\/greston\/\",\"name\":\"Salon \u0142azienek Warszawa, armatura, gresy i akcesoria - Greston\",\"description\":\"\",\"potentialAction\":[{\"@type\":\"SearchAction\",\"target\":{\"@type\":\"EntryPoint\",\"urlTemplate\":\"https:\/\/klienci.scepter.agency\/greston\/?s={search_term_string}\"},\"query-input\":\"required name=search_term_string\"}],\"inLanguage\":\"pl-PL\"}]}<\/script>\n<!-- \/ Yoast SEO plugin. -->","yoast_head_json":{"title":"Tres Griferia - Salon \u0142azienek Warszawa, armatura, gresy i akcesoria - Greston","robots":{"index":"noindex","follow":"follow","max-snippet":"max-snippet:-1","max-image-preview":"max-image-preview:large","max-video-preview":"max-video-preview:-1"},"og_locale":"pl_PL","og_type":"article","og_title":"Tres Griferia - Salon \u0142azienek Warszawa, armatura, gresy i akcesoria - Greston","og_description":"Tres Griferie to hiszpa\u0144ski producent armatury \u0142azienkowej i kuchennej, kt\u00f3ry od ponad 50 lat dostarcza rozwi\u0105zania o najwy\u017cszej jako\u015bci, innowacyjnym designie i wyj\u0105tkowej funkcjonalno\u015bci. Firma, z siedzib\u0105 w Barcelonie, jest rodzinnym przedsi\u0119biorstwem, kt\u00f3re swoj\u0105 renom\u0119 zbudowa\u0142o na solidnych podstawach rzemie\u015blniczych oraz na nieustannej dba\u0142o\u015bci o detale. Tres jest obecnie jednym z lider\u00f3w rynku armatury w [&hellip;]","og_url":"https:\/\/klienci.scepter.agency\/greston\/marki\/tres-griferia\/","og_site_name":"Salon \u0142azienek Warszawa, armatura, gresy i akcesoria - Greston","article_modified_time":"2024-10-11T12:33:25+00:00","og_image":[{"width":853,"height":553,"url":"https:\/\/klienci.scepter.agency\/greston\/wp-content\/uploads\/2024\/10\/wyrozniajace-13.jpg","type":"image\/jpeg"}],"twitter_card":"summary_large_image","twitter_misc":{"Szacowany czas czytania":"3 minuty"},"schema":{"@context":"https:\/\/schema.org","@graph":[{"@type":"WebPage","@id":"https:\/\/klienci.scepter.agency\/greston\/marki\/tres-griferia\/","url":"https:\/\/klienci.scepter.agency\/greston\/marki\/tres-griferia\/","name":"Tres Griferia - Salon \u0142azienek Warszawa, armatura, gresy i akcesoria - Greston","isPartOf":{"@id":"https:\/\/klienci.scepter.agency\/greston\/#website"},"primaryImageOfPage":{"@id":"https:\/\/klienci.scepter.agency\/greston\/marki\/tres-griferia\/#primaryimage"},"image":{"@id":"https:\/\/klienci.scepter.agency\/greston\/marki\/tres-griferia\/#primaryimage"},"thumbnailUrl":"https:\/\/klienci.scepter.agency\/greston\/wp-content\/uploads\/2024\/10\/wyrozniajace-13.jpg","datePublished":"2024-08-13T19:34:57+00:00","dateModified":"2024-10-11T12:33:25+00:00","breadcrumb":{"@id":"https:\/\/klienci.scepter.agency\/greston\/marki\/tres-griferia\/#breadcrumb"},"inLanguage":"pl-PL","potentialAction":[{"@type":"ReadAction","target":["https:\/\/klienci.scepter.agency\/greston\/marki\/tres-griferia\/"]}]},{"@type":"ImageObject","inLanguage":"pl-PL","@id":"https:\/\/klienci.scepter.agency\/greston\/marki\/tres-griferia\/#primaryimage","url":"https:\/\/klienci.scepter.agency\/greston\/wp-content\/uploads\/2024\/10\/wyrozniajace-13.jpg","contentUrl":"https:\/\/klienci.scepter.agency\/greston\/wp-content\/uploads\/2024\/10\/wyrozniajace-13.jpg","width":853,"height":553,"caption":"xr:d:DAFSquEdodU:18,j:41768005320,t:22112211"},{"@type":"BreadcrumbList","@id":"https:\/\/klienci.scepter.agency\/greston\/marki\/tres-griferia\/#breadcrumb","itemListElement":[{"@type":"ListItem","position":1,"name":"Strona g\u0142\u00f3wna","item":"https:\/\/klienci.scepter.agency\/greston\/"},{"@type":"ListItem","position":2,"name":"Marki","item":"https:\/\/klienci.scepter.agency\/greston\/marki\/"},{"@type":"ListItem","position":3,"name":"Tres Griferia"}]},{"@type":"WebSite","@id":"https:\/\/klienci.scepter.agency\/greston\/#website","url":"https:\/\/klienci.scepter.agency\/greston\/","name":"Salon \u0142azienek Warszawa, armatura, gresy i akcesoria - Greston","description":"","potentialAction":[{"@type":"SearchAction","target":{"@type":"EntryPoint","urlTemplate":"https:\/\/klienci.scepter.agency\/greston\/?s={search_term_string}"},"query-input":"required name=search_term_string"}],"inLanguage":"pl-PL"}]}},"_links":{"self":[{"href":"https:\/\/klienci.scepter.agency\/greston\/wp-json\/wp\/v2\/pages\/321","targetHints":{"allow":["GET"]}}],"collection":[{"href":"https:\/\/klienci.scepter.agency\/greston\/wp-json\/wp\/v2\/pages"}],"about":[{"href":"https:\/\/klienci.scepter.agency\/greston\/wp-json\/wp\/v2\/types\/page"}],"author":[{"embeddable":true,"href":"https:\/\/klienci.scepter.agency\/greston\/wp-json\/wp\/v2\/users\/1"}],"replies":[{"embeddable":true,"href":"https:\/\/klienci.scepter.agency\/greston\/wp-json\/wp\/v2\/comments?post=321"}],"version-history":[{"count":6,"href":"https:\/\/klienci.scepter.agency\/greston\/wp-json\/wp\/v2\/pages\/321\/revisions"}],"predecessor-version":[{"id":2571,"href":"https:\/\/klienci.scepter.agency\/greston\/wp-json\/wp\/v2\/pages\/321\/revisions\/2571"}],"up":[{"embeddable":true,"href":"https:\/\/klienci.scepter.agency\/greston\/wp-json\/wp\/v2\/pages\/18"}],"wp:featuredmedia":[{"embeddable":true,"href":"https:\/\/klienci.scepter.agency\/greston\/wp-json\/wp\/v2\/media\/1725"}],"wp:attachment":[{"href":"https:\/\/klienci.scepter.agency\/greston\/wp-json\/wp\/v2\/media?parent=321"}],"curies":[{"name":"wp","href":"https:\/\/api.w.org\/{rel}","templated":true}]}}