{"id":335,"date":"2024-08-13T21:38:10","date_gmt":"2024-08-13T19:38:10","guid":{"rendered":"https:\/\/klienci.scepter.agency\/greston\/?page_id=335"},"modified":"2024-10-11T14:04:29","modified_gmt":"2024-10-11T12:04:29","slug":"inbani","status":"publish","type":"page","link":"https:\/\/klienci.scepter.agency\/greston\/marki\/inbani\/","title":{"rendered":"Inbani"},"content":{"rendered":"\n<p>Inbani to m\u0142oda hiszpa\u0144ska firma specjalizuj\u0105ca si\u0119 w projektowaniu ekskluzywnych produkt\u00f3w do przestrzeni \u0142azienkowych. Inbani sta\u0142a si\u0119 liderem innowacji dzi\u0119ki przekonaniu, \u017ce tworzenie produkt\u00f3w, kt\u00f3re rzeczywi\u015bcie wp\u0142ywaj\u0105 na dobrostan klienta, jest kluczowe.<\/p>\n\n\n\n<p>Od samego pocz\u0105tku firma d\u0105\u017cy\u0142a do tego, by oferowa\u0107 inspiracj\u0119, spok\u00f3j i elegancj\u0119 w \u015bwiecie projektowania \u0142azienek. Dlatego te\u017c Inbani anga\u017cuje si\u0119 w tworzenie minimalistycznych produkt\u00f3w o najwy\u017cszej jako\u015bci.<\/p>\n\n\n\n<p>Ich filozofia to pi\u0119kno, prostota i minimalizm, kt\u00f3re inspiruj\u0105 tysi\u0105ce os\u00f3b do tworzenia czystych i magicznych przestrzeni \u0142azienkowych.<\/p>\n\n\n\n<p>W przypadku Inbani nie chodzi o ilo\u015b\u0107, lecz o to, co si\u0119 dodaje.<\/p>\n\n\n\n<p>To nowa koncepcja funkcjonalno\u015bci. To nowa koncepcja \u0142azienki. To Inbani.<\/p>\n\n\n\n<p>W ofercie marki znajdziemy wanny, umywalki, lustra, akcesoria \u0142azienkowe oraz armatur\u0119.&nbsp;<\/p>\n\n\n\n<p>Przy tworzeniu nowych kolekcji marka cz\u0119sto wsp\u00f3\u0142pracuje ze \u015bwiatowymi designerami jak Norm Architects, Nendo czy Patrick Norguet.&nbsp;<\/p>\n\n\n\n<p><\/p>\n\n\n\n<div class=\"wp-block-buttons is-layout-flex wp-block-buttons-is-layout-flex\">\n<div class=\"wp-block-button\"><a class=\"wp-block-button__link wp-element-button\" href=\"https:\/\/inbani.com\/en\/\" target=\"_blank\" rel=\"noreferrer noopener\">Zobacz stron\u0119 producenta<\/a><\/div>\n<\/div>\n\n\n\n<p><\/p>\n","protected":false},"excerpt":{"rendered":"<p>Inbani to m\u0142oda hiszpa\u0144ska firma specjalizuj\u0105ca si\u0119 w projektowaniu ekskluzywnych produkt\u00f3w do przestrzeni \u0142azienkowych. Inbani sta\u0142a si\u0119 liderem innowacji dzi\u0119ki przekonaniu, \u017ce tworzenie produkt\u00f3w, kt\u00f3re rzeczywi\u015bcie wp\u0142ywaj\u0105 na dobrostan klienta, jest kluczowe. Od samego pocz\u0105tku firma d\u0105\u017cy\u0142a do tego, by oferowa\u0107 inspiracj\u0119, spok\u00f3j i elegancj\u0119 w \u015bwiecie projektowania \u0142azienek. Dlatego te\u017c Inbani anga\u017cuje si\u0119 w [&hellip;]<\/p>\n","protected":false},"author":1,"featured_media":1846,"parent":18,"menu_order":0,"comment_status":"closed","ping_status":"closed","template":"pages\/marka.php","meta":{"footnotes":""},"class_list":["post-335","page","type-page","status-publish","has-post-thumbnail","hentry"],"acf":[],"yoast_head":"<!-- This site is optimized with the Yoast SEO plugin v23.2 - https:\/\/yoast.com\/wordpress\/plugins\/seo\/ -->\n<title>Inbani - Salon \u0142azienek Warszawa, armatura, gresy i akcesoria - Greston<\/title>\n<meta name=\"robots\" content=\"noindex, follow, max-snippet:-1, max-image-preview:large, max-video-preview:-1\" \/>\n<meta property=\"og:locale\" content=\"pl_PL\" \/>\n<meta property=\"og:type\" content=\"article\" \/>\n<meta property=\"og:title\" content=\"Inbani - Salon \u0142azienek Warszawa, armatura, gresy i akcesoria - Greston\" \/>\n<meta property=\"og:description\" content=\"Inbani to m\u0142oda hiszpa\u0144ska firma specjalizuj\u0105ca si\u0119 w projektowaniu ekskluzywnych produkt\u00f3w do przestrzeni \u0142azienkowych. Inbani sta\u0142a si\u0119 liderem innowacji dzi\u0119ki przekonaniu, \u017ce tworzenie produkt\u00f3w, kt\u00f3re rzeczywi\u015bcie wp\u0142ywaj\u0105 na dobrostan klienta, jest kluczowe. Od samego pocz\u0105tku firma d\u0105\u017cy\u0142a do tego, by oferowa\u0107 inspiracj\u0119, spok\u00f3j i elegancj\u0119 w \u015bwiecie projektowania \u0142azienek. Dlatego te\u017c Inbani anga\u017cuje si\u0119 w [&hellip;]\" \/>\n<meta property=\"og:url\" content=\"https:\/\/klienci.scepter.agency\/greston\/marki\/inbani\/\" \/>\n<meta property=\"og:site_name\" content=\"Salon \u0142azienek Warszawa, armatura, gresy i akcesoria - Greston\" \/>\n<meta property=\"article:modified_time\" content=\"2024-10-11T12:04:29+00:00\" \/>\n<meta property=\"og:image\" content=\"https:\/\/klienci.scepter.agency\/greston\/wp-content\/uploads\/2024\/10\/wyrozniajace-17.jpg\" \/>\n\t<meta property=\"og:image:width\" content=\"1920\" \/>\n\t<meta property=\"og:image:height\" content=\"1920\" \/>\n\t<meta property=\"og:image:type\" content=\"image\/jpeg\" \/>\n<meta name=\"twitter:card\" content=\"summary_large_image\" \/>\n<meta name=\"twitter:label1\" content=\"Szacowany czas czytania\" \/>\n\t<meta name=\"twitter:data1\" content=\"2 minuty\" \/>\n<script type=\"application\/ld+json\" class=\"yoast-schema-graph\">{\"@context\":\"https:\/\/schema.org\",\"@graph\":[{\"@type\":\"WebPage\",\"@id\":\"https:\/\/klienci.scepter.agency\/greston\/marki\/inbani\/\",\"url\":\"https:\/\/klienci.scepter.agency\/greston\/marki\/inbani\/\",\"name\":\"Inbani - Salon \u0142azienek Warszawa, armatura, gresy i akcesoria - Greston\",\"isPartOf\":{\"@id\":\"https:\/\/klienci.scepter.agency\/greston\/#website\"},\"primaryImageOfPage\":{\"@id\":\"https:\/\/klienci.scepter.agency\/greston\/marki\/inbani\/#primaryimage\"},\"image\":{\"@id\":\"https:\/\/klienci.scepter.agency\/greston\/marki\/inbani\/#primaryimage\"},\"thumbnailUrl\":\"https:\/\/klienci.scepter.agency\/greston\/wp-content\/uploads\/2024\/10\/wyrozniajace-17.jpg\",\"datePublished\":\"2024-08-13T19:38:10+00:00\",\"dateModified\":\"2024-10-11T12:04:29+00:00\",\"breadcrumb\":{\"@id\":\"https:\/\/klienci.scepter.agency\/greston\/marki\/inbani\/#breadcrumb\"},\"inLanguage\":\"pl-PL\",\"potentialAction\":[{\"@type\":\"ReadAction\",\"target\":[\"https:\/\/klienci.scepter.agency\/greston\/marki\/inbani\/\"]}]},{\"@type\":\"ImageObject\",\"inLanguage\":\"pl-PL\",\"@id\":\"https:\/\/klienci.scepter.agency\/greston\/marki\/inbani\/#primaryimage\",\"url\":\"https:\/\/klienci.scepter.agency\/greston\/wp-content\/uploads\/2024\/10\/wyrozniajace-17.jpg\",\"contentUrl\":\"https:\/\/klienci.scepter.agency\/greston\/wp-content\/uploads\/2024\/10\/wyrozniajace-17.jpg\",\"width\":1920,\"height\":1920},{\"@type\":\"BreadcrumbList\",\"@id\":\"https:\/\/klienci.scepter.agency\/greston\/marki\/inbani\/#breadcrumb\",\"itemListElement\":[{\"@type\":\"ListItem\",\"position\":1,\"name\":\"Strona g\u0142\u00f3wna\",\"item\":\"https:\/\/klienci.scepter.agency\/greston\/\"},{\"@type\":\"ListItem\",\"position\":2,\"name\":\"Marki\",\"item\":\"https:\/\/klienci.scepter.agency\/greston\/marki\/\"},{\"@type\":\"ListItem\",\"position\":3,\"name\":\"Inbani\"}]},{\"@type\":\"WebSite\",\"@id\":\"https:\/\/klienci.scepter.agency\/greston\/#website\",\"url\":\"https:\/\/klienci.scepter.agency\/greston\/\",\"name\":\"Salon \u0142azienek Warszawa, armatura, gresy i akcesoria - Greston\",\"description\":\"\",\"potentialAction\":[{\"@type\":\"SearchAction\",\"target\":{\"@type\":\"EntryPoint\",\"urlTemplate\":\"https:\/\/klienci.scepter.agency\/greston\/?s={search_term_string}\"},\"query-input\":\"required name=search_term_string\"}],\"inLanguage\":\"pl-PL\"}]}<\/script>\n<!-- \/ Yoast SEO plugin. -->","yoast_head_json":{"title":"Inbani - Salon \u0142azienek Warszawa, armatura, gresy i akcesoria - Greston","robots":{"index":"noindex","follow":"follow","max-snippet":"max-snippet:-1","max-image-preview":"max-image-preview:large","max-video-preview":"max-video-preview:-1"},"og_locale":"pl_PL","og_type":"article","og_title":"Inbani - Salon \u0142azienek Warszawa, armatura, gresy i akcesoria - Greston","og_description":"Inbani to m\u0142oda hiszpa\u0144ska firma specjalizuj\u0105ca si\u0119 w projektowaniu ekskluzywnych produkt\u00f3w do przestrzeni \u0142azienkowych. Inbani sta\u0142a si\u0119 liderem innowacji dzi\u0119ki przekonaniu, \u017ce tworzenie produkt\u00f3w, kt\u00f3re rzeczywi\u015bcie wp\u0142ywaj\u0105 na dobrostan klienta, jest kluczowe. Od samego pocz\u0105tku firma d\u0105\u017cy\u0142a do tego, by oferowa\u0107 inspiracj\u0119, spok\u00f3j i elegancj\u0119 w \u015bwiecie projektowania \u0142azienek. Dlatego te\u017c Inbani anga\u017cuje si\u0119 w [&hellip;]","og_url":"https:\/\/klienci.scepter.agency\/greston\/marki\/inbani\/","og_site_name":"Salon \u0142azienek Warszawa, armatura, gresy i akcesoria - Greston","article_modified_time":"2024-10-11T12:04:29+00:00","og_image":[{"width":1920,"height":1920,"url":"https:\/\/klienci.scepter.agency\/greston\/wp-content\/uploads\/2024\/10\/wyrozniajace-17.jpg","type":"image\/jpeg"}],"twitter_card":"summary_large_image","twitter_misc":{"Szacowany czas czytania":"2 minuty"},"schema":{"@context":"https:\/\/schema.org","@graph":[{"@type":"WebPage","@id":"https:\/\/klienci.scepter.agency\/greston\/marki\/inbani\/","url":"https:\/\/klienci.scepter.agency\/greston\/marki\/inbani\/","name":"Inbani - Salon \u0142azienek Warszawa, armatura, gresy i akcesoria - Greston","isPartOf":{"@id":"https:\/\/klienci.scepter.agency\/greston\/#website"},"primaryImageOfPage":{"@id":"https:\/\/klienci.scepter.agency\/greston\/marki\/inbani\/#primaryimage"},"image":{"@id":"https:\/\/klienci.scepter.agency\/greston\/marki\/inbani\/#primaryimage"},"thumbnailUrl":"https:\/\/klienci.scepter.agency\/greston\/wp-content\/uploads\/2024\/10\/wyrozniajace-17.jpg","datePublished":"2024-08-13T19:38:10+00:00","dateModified":"2024-10-11T12:04:29+00:00","breadcrumb":{"@id":"https:\/\/klienci.scepter.agency\/greston\/marki\/inbani\/#breadcrumb"},"inLanguage":"pl-PL","potentialAction":[{"@type":"ReadAction","target":["https:\/\/klienci.scepter.agency\/greston\/marki\/inbani\/"]}]},{"@type":"ImageObject","inLanguage":"pl-PL","@id":"https:\/\/klienci.scepter.agency\/greston\/marki\/inbani\/#primaryimage","url":"https:\/\/klienci.scepter.agency\/greston\/wp-content\/uploads\/2024\/10\/wyrozniajace-17.jpg","contentUrl":"https:\/\/klienci.scepter.agency\/greston\/wp-content\/uploads\/2024\/10\/wyrozniajace-17.jpg","width":1920,"height":1920},{"@type":"BreadcrumbList","@id":"https:\/\/klienci.scepter.agency\/greston\/marki\/inbani\/#breadcrumb","itemListElement":[{"@type":"ListItem","position":1,"name":"Strona g\u0142\u00f3wna","item":"https:\/\/klienci.scepter.agency\/greston\/"},{"@type":"ListItem","position":2,"name":"Marki","item":"https:\/\/klienci.scepter.agency\/greston\/marki\/"},{"@type":"ListItem","position":3,"name":"Inbani"}]},{"@type":"WebSite","@id":"https:\/\/klienci.scepter.agency\/greston\/#website","url":"https:\/\/klienci.scepter.agency\/greston\/","name":"Salon \u0142azienek Warszawa, armatura, gresy i akcesoria - Greston","description":"","potentialAction":[{"@type":"SearchAction","target":{"@type":"EntryPoint","urlTemplate":"https:\/\/klienci.scepter.agency\/greston\/?s={search_term_string}"},"query-input":"required name=search_term_string"}],"inLanguage":"pl-PL"}]}},"_links":{"self":[{"href":"https:\/\/klienci.scepter.agency\/greston\/wp-json\/wp\/v2\/pages\/335","targetHints":{"allow":["GET"]}}],"collection":[{"href":"https:\/\/klienci.scepter.agency\/greston\/wp-json\/wp\/v2\/pages"}],"about":[{"href":"https:\/\/klienci.scepter.agency\/greston\/wp-json\/wp\/v2\/types\/page"}],"author":[{"embeddable":true,"href":"https:\/\/klienci.scepter.agency\/greston\/wp-json\/wp\/v2\/users\/1"}],"replies":[{"embeddable":true,"href":"https:\/\/klienci.scepter.agency\/greston\/wp-json\/wp\/v2\/comments?post=335"}],"version-history":[{"count":5,"href":"https:\/\/klienci.scepter.agency\/greston\/wp-json\/wp\/v2\/pages\/335\/revisions"}],"predecessor-version":[{"id":1847,"href":"https:\/\/klienci.scepter.agency\/greston\/wp-json\/wp\/v2\/pages\/335\/revisions\/1847"}],"up":[{"embeddable":true,"href":"https:\/\/klienci.scepter.agency\/greston\/wp-json\/wp\/v2\/pages\/18"}],"wp:featuredmedia":[{"embeddable":true,"href":"https:\/\/klienci.scepter.agency\/greston\/wp-json\/wp\/v2\/media\/1846"}],"wp:attachment":[{"href":"https:\/\/klienci.scepter.agency\/greston\/wp-json\/wp\/v2\/media?parent=335"}],"curies":[{"name":"wp","href":"https:\/\/api.w.org\/{rel}","templated":true}]}}