{"id":658,"date":"2024-08-13T23:28:18","date_gmt":"2024-08-13T21:28:18","guid":{"rendered":"https:\/\/klienci.scepter.agency\/greston\/?page_id=658"},"modified":"2024-09-04T08:55:35","modified_gmt":"2024-09-04T06:55:35","slug":"cevica","status":"publish","type":"page","link":"https:\/\/klienci.scepter.agency\/greston\/produkty\/sciany\/plytki\/cevica\/","title":{"rendered":"Cevica"},"content":{"rendered":"\n<p>CEVICA powsta\u0142a 8 maja 1986 roku w Castell\u00f3n de la Plana (Hiszpania) dzi\u0119ki projektowi zrealizowanemu przez czterech przedsi\u0119biorczych ludzi, kt\u00f3rzy postanowili ci\u0119\u017cko pracowa\u0107. Jako firma rodzinna, obecnie kontynuuje dzia\u0142alno\u015b\u0107 drugie pokolenie, pozostaj\u0105c wiernym zasadom uczciwo\u015bci, wysi\u0142ku i jako\u015bci we wszystkich oferowanych produktach.<\/p>\n\n\n\n<p>CEVICA d\u0105\u017cy do bycia mi\u0119dzynarodow\u0105 firm\u0105 rodzinn\u0105, kt\u00f3ra przetrwa pr\u00f3b\u0119 czasu, oferuj\u0105c wyr\u00f3\u017cniaj\u0105ce si\u0119 i elastyczne rozwi\u0105zania ceramiczne, kt\u00f3re poprawiaj\u0105 ofert\u0119 klient\u00f3w, z zachowaniem uczciwo\u015bci i niezawodno\u015bci.<\/p>\n\n\n\n<p>Od lat wyr\u00f3\u017cnia si\u0119 rzemie\u015blniczym podej\u015bciem do produkcji, a wiele produkt\u00f3w powstaje r\u0119cznie. Firma dysponuje jednak jednym z najbardziej nowoczesnych park\u00f3w maszynowych do produkcji specjalnych p\u0142ytek ceramicznych, kt\u00f3ry jest dost\u0119pny dla jej klient\u00f3w.<\/p>\n\n\n\n<p>Produkcj\u0119 rozpocz\u0119\u0142a od elektrycznego pieca o pojemno\u015bci jednego metra sze\u015bciennego. Obecnie firma dysponuje dwoma prasami automatycznymi, trzema piecami, czterema liniami szkliwienia, dwoma m\u0142ynami do szkliwa i dwoma drukarkami cyfrowymi.<\/p>\n\n\n\n<p>Dzi\u0119ki temu CEVICA utrzymuje optymaln\u0105 wydajno\u015b\u0107 produkcji, jako\u015b\u0107 i rozw\u00f3j. Firma posiada tak\u017ce nowoczesne magazyny logistyczne o powierzchni ponad 5000 m\u00b2, z pojemno\u015bci\u0105 magazynow\u0105 przekraczaj\u0105c\u0105 200 000 m\u00b2 materia\u0142\u00f3w.<\/p>\n\n\n\n<div class=\"wp-block-buttons is-layout-flex wp-block-buttons-is-layout-flex\">\n<div class=\"wp-block-button\"><a class=\"wp-block-button__link wp-element-button\" href=\"https:\/\/www.cevica.es\/en\/\" target=\"_blank\" rel=\"noreferrer noopener\">Zobacz stron\u0119 producenta<\/a><\/div>\n<\/div>\n\n\n\n<p><\/p>\n\n\n\n<figure class=\"wp-block-gallery has-nested-images columns-default is-cropped wp-block-gallery-1 is-layout-flex wp-block-gallery-is-layout-flex\">\n<figure class=\"wp-block-image size-large\"><a href=\"https:\/\/klienci.scepter.agency\/greston\/produkty\/sciany\/plytki\/cevica\/amb-metro-marengo-craquele\/\"><img loading=\"lazy\" decoding=\"async\" width=\"700\" height=\"1000\" data-id=\"950\" src=\"https:\/\/klienci.scepter.agency\/greston\/wp-content\/uploads\/2024\/09\/amb-metro-marengo-craquele.webp\" alt=\"\" class=\"wp-image-950\" srcset=\"https:\/\/klienci.scepter.agency\/greston\/wp-content\/uploads\/2024\/09\/amb-metro-marengo-craquele.webp 700w, https:\/\/klienci.scepter.agency\/greston\/wp-content\/uploads\/2024\/09\/amb-metro-marengo-craquele-210x300.webp 210w, https:\/\/klienci.scepter.agency\/greston\/wp-content\/uploads\/2024\/09\/amb-metro-marengo-craquele-600x857.webp 600w\" sizes=\"auto, (max-width: 700px) 100vw, 700px\" \/><\/a><\/figure>\n\n\n\n<figure class=\"wp-block-image size-large\"><a href=\"https:\/\/klienci.scepter.agency\/greston\/produkty\/sciany\/plytki\/cevica\/amb-symbol-1-copy-1024x706\/\"><img loading=\"lazy\" decoding=\"async\" width=\"1024\" height=\"706\" data-id=\"951\" src=\"https:\/\/klienci.scepter.agency\/greston\/wp-content\/uploads\/2024\/09\/Amb-Symbol-1-copy-1024x706-1.webp\" alt=\"\" class=\"wp-image-951\" srcset=\"https:\/\/klienci.scepter.agency\/greston\/wp-content\/uploads\/2024\/09\/Amb-Symbol-1-copy-1024x706-1.webp 1024w, https:\/\/klienci.scepter.agency\/greston\/wp-content\/uploads\/2024\/09\/Amb-Symbol-1-copy-1024x706-1-300x207.webp 300w, https:\/\/klienci.scepter.agency\/greston\/wp-content\/uploads\/2024\/09\/Amb-Symbol-1-copy-1024x706-1-768x530.webp 768w, https:\/\/klienci.scepter.agency\/greston\/wp-content\/uploads\/2024\/09\/Amb-Symbol-1-copy-1024x706-1-600x414.webp 600w\" sizes=\"auto, (max-width: 1024px) 100vw, 1024px\" \/><\/a><\/figure>\n\n\n\n<figure class=\"wp-block-image size-large\"><a href=\"https:\/\/klienci.scepter.agency\/greston\/produkty\/sciany\/plytki\/cevica\/rockytrails-amb2-1024x683\/\"><img loading=\"lazy\" decoding=\"async\" width=\"1024\" height=\"683\" data-id=\"952\" src=\"https:\/\/klienci.scepter.agency\/greston\/wp-content\/uploads\/2024\/09\/rockytrails-amb2-1024x683-1.webp\" alt=\"\" class=\"wp-image-952\" srcset=\"https:\/\/klienci.scepter.agency\/greston\/wp-content\/uploads\/2024\/09\/rockytrails-amb2-1024x683-1.webp 1024w, https:\/\/klienci.scepter.agency\/greston\/wp-content\/uploads\/2024\/09\/rockytrails-amb2-1024x683-1-300x200.webp 300w, https:\/\/klienci.scepter.agency\/greston\/wp-content\/uploads\/2024\/09\/rockytrails-amb2-1024x683-1-768x512.webp 768w, https:\/\/klienci.scepter.agency\/greston\/wp-content\/uploads\/2024\/09\/rockytrails-amb2-1024x683-1-600x400.webp 600w\" sizes=\"auto, (max-width: 1024px) 100vw, 1024px\" \/><\/a><\/figure>\n\n\n\n<figure class=\"wp-block-image size-large\"><a href=\"https:\/\/klienci.scepter.agency\/greston\/produkty\/sciany\/plytki\/cevica\/waves-black_final-copy-1024x843\/\"><img loading=\"lazy\" decoding=\"async\" width=\"1024\" height=\"843\" data-id=\"953\" src=\"https:\/\/klienci.scepter.agency\/greston\/wp-content\/uploads\/2024\/09\/waves-black_final-copy-1024x843-1.webp\" alt=\"\" class=\"wp-image-953\" srcset=\"https:\/\/klienci.scepter.agency\/greston\/wp-content\/uploads\/2024\/09\/waves-black_final-copy-1024x843-1.webp 1024w, https:\/\/klienci.scepter.agency\/greston\/wp-content\/uploads\/2024\/09\/waves-black_final-copy-1024x843-1-300x247.webp 300w, https:\/\/klienci.scepter.agency\/greston\/wp-content\/uploads\/2024\/09\/waves-black_final-copy-1024x843-1-768x632.webp 768w, https:\/\/klienci.scepter.agency\/greston\/wp-content\/uploads\/2024\/09\/waves-black_final-copy-1024x843-1-600x494.webp 600w\" sizes=\"auto, (max-width: 1024px) 100vw, 1024px\" \/><\/a><\/figure>\n\n\n\n<figure class=\"wp-block-image size-large\"><a href=\"https:\/\/klienci.scepter.agency\/greston\/produkty\/sciany\/plytki\/cevica\/waves-cove-cobalt_final-copy-768x1024\/\"><img loading=\"lazy\" decoding=\"async\" width=\"768\" height=\"1024\" data-id=\"954\" src=\"https:\/\/klienci.scepter.agency\/greston\/wp-content\/uploads\/2024\/09\/waves-cove-cobalt_final-copy-768x1024-1.webp\" alt=\"\" class=\"wp-image-954\" srcset=\"https:\/\/klienci.scepter.agency\/greston\/wp-content\/uploads\/2024\/09\/waves-cove-cobalt_final-copy-768x1024-1.webp 768w, https:\/\/klienci.scepter.agency\/greston\/wp-content\/uploads\/2024\/09\/waves-cove-cobalt_final-copy-768x1024-1-225x300.webp 225w, https:\/\/klienci.scepter.agency\/greston\/wp-content\/uploads\/2024\/09\/waves-cove-cobalt_final-copy-768x1024-1-600x800.webp 600w\" sizes=\"auto, (max-width: 768px) 100vw, 768px\" \/><\/a><\/figure>\n\n\n\n<figure class=\"wp-block-image size-large\"><a href=\"https:\/\/klienci.scepter.agency\/greston\/produkty\/sciany\/plytki\/cevica\/waves-nude_final-copy-724x1024\/\"><img loading=\"lazy\" decoding=\"async\" width=\"724\" height=\"1024\" data-id=\"955\" src=\"https:\/\/klienci.scepter.agency\/greston\/wp-content\/uploads\/2024\/09\/Waves-Nude_final-copy-724x1024-1.webp\" alt=\"\" class=\"wp-image-955\" srcset=\"https:\/\/klienci.scepter.agency\/greston\/wp-content\/uploads\/2024\/09\/Waves-Nude_final-copy-724x1024-1.webp 724w, https:\/\/klienci.scepter.agency\/greston\/wp-content\/uploads\/2024\/09\/Waves-Nude_final-copy-724x1024-1-212x300.webp 212w, https:\/\/klienci.scepter.agency\/greston\/wp-content\/uploads\/2024\/09\/Waves-Nude_final-copy-724x1024-1-600x849.webp 600w\" sizes=\"auto, (max-width: 724px) 100vw, 724px\" \/><\/a><\/figure>\n\n\n\n<figure class=\"wp-block-image size-large\"><a href=\"https:\/\/klienci.scepter.agency\/greston\/produkty\/sciany\/plytki\/cevica\/amb-marrakech-agadir-azul-1024x682\/\"><img loading=\"lazy\" decoding=\"async\" width=\"1024\" height=\"682\" data-id=\"949\" src=\"https:\/\/klienci.scepter.agency\/greston\/wp-content\/uploads\/2024\/09\/amb-marrakech-agadir-azul-1024x682-1.webp\" alt=\"\" class=\"wp-image-949\" srcset=\"https:\/\/klienci.scepter.agency\/greston\/wp-content\/uploads\/2024\/09\/amb-marrakech-agadir-azul-1024x682-1.webp 1024w, https:\/\/klienci.scepter.agency\/greston\/wp-content\/uploads\/2024\/09\/amb-marrakech-agadir-azul-1024x682-1-300x200.webp 300w, https:\/\/klienci.scepter.agency\/greston\/wp-content\/uploads\/2024\/09\/amb-marrakech-agadir-azul-1024x682-1-768x512.webp 768w, https:\/\/klienci.scepter.agency\/greston\/wp-content\/uploads\/2024\/09\/amb-marrakech-agadir-azul-1024x682-1-600x400.webp 600w\" sizes=\"auto, (max-width: 1024px) 100vw, 1024px\" \/><\/a><\/figure>\n\n\n\n<figure class=\"wp-block-image size-large\"><a href=\"https:\/\/klienci.scepter.agency\/greston\/marki\/cevica\/wyrozniajace-8\/\"><img loading=\"lazy\" decoding=\"async\" width=\"724\" height=\"1024\" data-id=\"946\" src=\"https:\/\/klienci.scepter.agency\/greston\/wp-content\/uploads\/2024\/09\/wyrozniajace.webp\" alt=\"\" class=\"wp-image-946\" srcset=\"https:\/\/klienci.scepter.agency\/greston\/wp-content\/uploads\/2024\/09\/wyrozniajace.webp 724w, https:\/\/klienci.scepter.agency\/greston\/wp-content\/uploads\/2024\/09\/wyrozniajace-212x300.webp 212w, https:\/\/klienci.scepter.agency\/greston\/wp-content\/uploads\/2024\/09\/wyrozniajace-600x849.webp 600w\" sizes=\"auto, (max-width: 724px) 100vw, 724px\" \/><\/a><\/figure>\n<\/figure>\n","protected":false},"excerpt":{"rendered":"<p>CEVICA powsta\u0142a 8 maja 1986 roku w Castell\u00f3n de la Plana (Hiszpania) dzi\u0119ki projektowi zrealizowanemu przez czterech przedsi\u0119biorczych ludzi, kt\u00f3rzy postanowili ci\u0119\u017cko pracowa\u0107. Jako firma rodzinna, obecnie kontynuuje dzia\u0142alno\u015b\u0107 drugie pokolenie, pozostaj\u0105c wiernym zasadom uczciwo\u015bci, wysi\u0142ku i jako\u015bci we wszystkich oferowanych produktach. CEVICA d\u0105\u017cy do bycia mi\u0119dzynarodow\u0105 firm\u0105 rodzinn\u0105, kt\u00f3ra przetrwa pr\u00f3b\u0119 czasu, oferuj\u0105c wyr\u00f3\u017cniaj\u0105ce [&hellip;]<\/p>\n","protected":false},"author":1,"featured_media":949,"parent":635,"menu_order":0,"comment_status":"closed","ping_status":"closed","template":"pages\/produkty-marki.php","meta":{"footnotes":""},"class_list":["post-658","page","type-page","status-publish","has-post-thumbnail","hentry"],"acf":[],"yoast_head":"<!-- This site is optimized with the Yoast SEO plugin v23.2 - https:\/\/yoast.com\/wordpress\/plugins\/seo\/ -->\n<title>Cevica - Salon \u0142azienek Warszawa, armatura, gresy i akcesoria - Greston<\/title>\n<meta name=\"robots\" content=\"noindex, follow, max-snippet:-1, max-image-preview:large, max-video-preview:-1\" \/>\n<meta property=\"og:locale\" content=\"pl_PL\" \/>\n<meta property=\"og:type\" content=\"article\" \/>\n<meta property=\"og:title\" content=\"Cevica - Salon \u0142azienek Warszawa, armatura, gresy i akcesoria - Greston\" \/>\n<meta property=\"og:description\" content=\"CEVICA powsta\u0142a 8 maja 1986 roku w Castell\u00f3n de la Plana (Hiszpania) dzi\u0119ki projektowi zrealizowanemu przez czterech przedsi\u0119biorczych ludzi, kt\u00f3rzy postanowili ci\u0119\u017cko pracowa\u0107. Jako firma rodzinna, obecnie kontynuuje dzia\u0142alno\u015b\u0107 drugie pokolenie, pozostaj\u0105c wiernym zasadom uczciwo\u015bci, wysi\u0142ku i jako\u015bci we wszystkich oferowanych produktach. CEVICA d\u0105\u017cy do bycia mi\u0119dzynarodow\u0105 firm\u0105 rodzinn\u0105, kt\u00f3ra przetrwa pr\u00f3b\u0119 czasu, oferuj\u0105c wyr\u00f3\u017cniaj\u0105ce [&hellip;]\" \/>\n<meta property=\"og:url\" content=\"https:\/\/klienci.scepter.agency\/greston\/produkty\/sciany\/plytki\/cevica\/\" \/>\n<meta property=\"og:site_name\" content=\"Salon \u0142azienek Warszawa, armatura, gresy i akcesoria - Greston\" \/>\n<meta property=\"article:modified_time\" content=\"2024-09-04T06:55:35+00:00\" \/>\n<meta property=\"og:image\" content=\"https:\/\/klienci.scepter.agency\/greston\/wp-content\/uploads\/2024\/09\/amb-marrakech-agadir-azul-1024x682-1.webp\" \/>\n\t<meta property=\"og:image:width\" content=\"1024\" \/>\n\t<meta property=\"og:image:height\" content=\"682\" \/>\n\t<meta property=\"og:image:type\" content=\"image\/webp\" \/>\n<meta name=\"twitter:card\" content=\"summary_large_image\" \/>\n<meta name=\"twitter:label1\" content=\"Szacowany czas czytania\" \/>\n\t<meta name=\"twitter:data1\" content=\"3 minuty\" \/>\n<script type=\"application\/ld+json\" class=\"yoast-schema-graph\">{\"@context\":\"https:\/\/schema.org\",\"@graph\":[{\"@type\":\"WebPage\",\"@id\":\"https:\/\/klienci.scepter.agency\/greston\/produkty\/sciany\/plytki\/cevica\/\",\"url\":\"https:\/\/klienci.scepter.agency\/greston\/produkty\/sciany\/plytki\/cevica\/\",\"name\":\"Cevica - Salon \u0142azienek Warszawa, armatura, gresy i akcesoria - Greston\",\"isPartOf\":{\"@id\":\"https:\/\/klienci.scepter.agency\/greston\/#website\"},\"primaryImageOfPage\":{\"@id\":\"https:\/\/klienci.scepter.agency\/greston\/produkty\/sciany\/plytki\/cevica\/#primaryimage\"},\"image\":{\"@id\":\"https:\/\/klienci.scepter.agency\/greston\/produkty\/sciany\/plytki\/cevica\/#primaryimage\"},\"thumbnailUrl\":\"https:\/\/klienci.scepter.agency\/greston\/wp-content\/uploads\/2024\/09\/amb-marrakech-agadir-azul-1024x682-1.webp\",\"datePublished\":\"2024-08-13T21:28:18+00:00\",\"dateModified\":\"2024-09-04T06:55:35+00:00\",\"breadcrumb\":{\"@id\":\"https:\/\/klienci.scepter.agency\/greston\/produkty\/sciany\/plytki\/cevica\/#breadcrumb\"},\"inLanguage\":\"pl-PL\",\"potentialAction\":[{\"@type\":\"ReadAction\",\"target\":[\"https:\/\/klienci.scepter.agency\/greston\/produkty\/sciany\/plytki\/cevica\/\"]}]},{\"@type\":\"ImageObject\",\"inLanguage\":\"pl-PL\",\"@id\":\"https:\/\/klienci.scepter.agency\/greston\/produkty\/sciany\/plytki\/cevica\/#primaryimage\",\"url\":\"https:\/\/klienci.scepter.agency\/greston\/wp-content\/uploads\/2024\/09\/amb-marrakech-agadir-azul-1024x682-1.webp\",\"contentUrl\":\"https:\/\/klienci.scepter.agency\/greston\/wp-content\/uploads\/2024\/09\/amb-marrakech-agadir-azul-1024x682-1.webp\",\"width\":1024,\"height\":682},{\"@type\":\"BreadcrumbList\",\"@id\":\"https:\/\/klienci.scepter.agency\/greston\/produkty\/sciany\/plytki\/cevica\/#breadcrumb\",\"itemListElement\":[{\"@type\":\"ListItem\",\"position\":1,\"name\":\"Strona g\u0142\u00f3wna\",\"item\":\"https:\/\/klienci.scepter.agency\/greston\/\"},{\"@type\":\"ListItem\",\"position\":2,\"name\":\"Produkty\",\"item\":\"https:\/\/klienci.scepter.agency\/greston\/produkty\/\"},{\"@type\":\"ListItem\",\"position\":3,\"name\":\"\u015aciany\",\"item\":\"https:\/\/klienci.scepter.agency\/greston\/produkty\/sciany\/\"},{\"@type\":\"ListItem\",\"position\":4,\"name\":\"P\u0142ytki\",\"item\":\"https:\/\/klienci.scepter.agency\/greston\/produkty\/sciany\/plytki\/\"},{\"@type\":\"ListItem\",\"position\":5,\"name\":\"Cevica\"}]},{\"@type\":\"WebSite\",\"@id\":\"https:\/\/klienci.scepter.agency\/greston\/#website\",\"url\":\"https:\/\/klienci.scepter.agency\/greston\/\",\"name\":\"Salon \u0142azienek Warszawa, armatura, gresy i akcesoria - Greston\",\"description\":\"\",\"potentialAction\":[{\"@type\":\"SearchAction\",\"target\":{\"@type\":\"EntryPoint\",\"urlTemplate\":\"https:\/\/klienci.scepter.agency\/greston\/?s={search_term_string}\"},\"query-input\":\"required name=search_term_string\"}],\"inLanguage\":\"pl-PL\"}]}<\/script>\n<!-- \/ Yoast SEO plugin. -->","yoast_head_json":{"title":"Cevica - Salon \u0142azienek Warszawa, armatura, gresy i akcesoria - Greston","robots":{"index":"noindex","follow":"follow","max-snippet":"max-snippet:-1","max-image-preview":"max-image-preview:large","max-video-preview":"max-video-preview:-1"},"og_locale":"pl_PL","og_type":"article","og_title":"Cevica - Salon \u0142azienek Warszawa, armatura, gresy i akcesoria - Greston","og_description":"CEVICA powsta\u0142a 8 maja 1986 roku w Castell\u00f3n de la Plana (Hiszpania) dzi\u0119ki projektowi zrealizowanemu przez czterech przedsi\u0119biorczych ludzi, kt\u00f3rzy postanowili ci\u0119\u017cko pracowa\u0107. Jako firma rodzinna, obecnie kontynuuje dzia\u0142alno\u015b\u0107 drugie pokolenie, pozostaj\u0105c wiernym zasadom uczciwo\u015bci, wysi\u0142ku i jako\u015bci we wszystkich oferowanych produktach. CEVICA d\u0105\u017cy do bycia mi\u0119dzynarodow\u0105 firm\u0105 rodzinn\u0105, kt\u00f3ra przetrwa pr\u00f3b\u0119 czasu, oferuj\u0105c wyr\u00f3\u017cniaj\u0105ce [&hellip;]","og_url":"https:\/\/klienci.scepter.agency\/greston\/produkty\/sciany\/plytki\/cevica\/","og_site_name":"Salon \u0142azienek Warszawa, armatura, gresy i akcesoria - Greston","article_modified_time":"2024-09-04T06:55:35+00:00","og_image":[{"width":1024,"height":682,"url":"https:\/\/klienci.scepter.agency\/greston\/wp-content\/uploads\/2024\/09\/amb-marrakech-agadir-azul-1024x682-1.webp","type":"image\/webp"}],"twitter_card":"summary_large_image","twitter_misc":{"Szacowany czas czytania":"3 minuty"},"schema":{"@context":"https:\/\/schema.org","@graph":[{"@type":"WebPage","@id":"https:\/\/klienci.scepter.agency\/greston\/produkty\/sciany\/plytki\/cevica\/","url":"https:\/\/klienci.scepter.agency\/greston\/produkty\/sciany\/plytki\/cevica\/","name":"Cevica - Salon \u0142azienek Warszawa, armatura, gresy i akcesoria - Greston","isPartOf":{"@id":"https:\/\/klienci.scepter.agency\/greston\/#website"},"primaryImageOfPage":{"@id":"https:\/\/klienci.scepter.agency\/greston\/produkty\/sciany\/plytki\/cevica\/#primaryimage"},"image":{"@id":"https:\/\/klienci.scepter.agency\/greston\/produkty\/sciany\/plytki\/cevica\/#primaryimage"},"thumbnailUrl":"https:\/\/klienci.scepter.agency\/greston\/wp-content\/uploads\/2024\/09\/amb-marrakech-agadir-azul-1024x682-1.webp","datePublished":"2024-08-13T21:28:18+00:00","dateModified":"2024-09-04T06:55:35+00:00","breadcrumb":{"@id":"https:\/\/klienci.scepter.agency\/greston\/produkty\/sciany\/plytki\/cevica\/#breadcrumb"},"inLanguage":"pl-PL","potentialAction":[{"@type":"ReadAction","target":["https:\/\/klienci.scepter.agency\/greston\/produkty\/sciany\/plytki\/cevica\/"]}]},{"@type":"ImageObject","inLanguage":"pl-PL","@id":"https:\/\/klienci.scepter.agency\/greston\/produkty\/sciany\/plytki\/cevica\/#primaryimage","url":"https:\/\/klienci.scepter.agency\/greston\/wp-content\/uploads\/2024\/09\/amb-marrakech-agadir-azul-1024x682-1.webp","contentUrl":"https:\/\/klienci.scepter.agency\/greston\/wp-content\/uploads\/2024\/09\/amb-marrakech-agadir-azul-1024x682-1.webp","width":1024,"height":682},{"@type":"BreadcrumbList","@id":"https:\/\/klienci.scepter.agency\/greston\/produkty\/sciany\/plytki\/cevica\/#breadcrumb","itemListElement":[{"@type":"ListItem","position":1,"name":"Strona g\u0142\u00f3wna","item":"https:\/\/klienci.scepter.agency\/greston\/"},{"@type":"ListItem","position":2,"name":"Produkty","item":"https:\/\/klienci.scepter.agency\/greston\/produkty\/"},{"@type":"ListItem","position":3,"name":"\u015aciany","item":"https:\/\/klienci.scepter.agency\/greston\/produkty\/sciany\/"},{"@type":"ListItem","position":4,"name":"P\u0142ytki","item":"https:\/\/klienci.scepter.agency\/greston\/produkty\/sciany\/plytki\/"},{"@type":"ListItem","position":5,"name":"Cevica"}]},{"@type":"WebSite","@id":"https:\/\/klienci.scepter.agency\/greston\/#website","url":"https:\/\/klienci.scepter.agency\/greston\/","name":"Salon \u0142azienek Warszawa, armatura, gresy i akcesoria - Greston","description":"","potentialAction":[{"@type":"SearchAction","target":{"@type":"EntryPoint","urlTemplate":"https:\/\/klienci.scepter.agency\/greston\/?s={search_term_string}"},"query-input":"required name=search_term_string"}],"inLanguage":"pl-PL"}]}},"_links":{"self":[{"href":"https:\/\/klienci.scepter.agency\/greston\/wp-json\/wp\/v2\/pages\/658","targetHints":{"allow":["GET"]}}],"collection":[{"href":"https:\/\/klienci.scepter.agency\/greston\/wp-json\/wp\/v2\/pages"}],"about":[{"href":"https:\/\/klienci.scepter.agency\/greston\/wp-json\/wp\/v2\/types\/page"}],"author":[{"embeddable":true,"href":"https:\/\/klienci.scepter.agency\/greston\/wp-json\/wp\/v2\/users\/1"}],"replies":[{"embeddable":true,"href":"https:\/\/klienci.scepter.agency\/greston\/wp-json\/wp\/v2\/comments?post=658"}],"version-history":[{"count":3,"href":"https:\/\/klienci.scepter.agency\/greston\/wp-json\/wp\/v2\/pages\/658\/revisions"}],"predecessor-version":[{"id":659,"href":"https:\/\/klienci.scepter.agency\/greston\/wp-json\/wp\/v2\/pages\/658\/revisions\/659"}],"up":[{"embeddable":true,"href":"https:\/\/klienci.scepter.agency\/greston\/wp-json\/wp\/v2\/pages\/635"}],"wp:featuredmedia":[{"embeddable":true,"href":"https:\/\/klienci.scepter.agency\/greston\/wp-json\/wp\/v2\/media\/949"}],"wp:attachment":[{"href":"https:\/\/klienci.scepter.agency\/greston\/wp-json\/wp\/v2\/media?parent=658"}],"curies":[{"name":"wp","href":"https:\/\/api.w.org\/{rel}","templated":true}]}}