{"id":729,"date":"2024-08-13T23:41:13","date_gmt":"2024-08-13T21:41:13","guid":{"rendered":"https:\/\/klienci.scepter.agency\/greston\/?page_id=729"},"modified":"2024-08-24T11:03:17","modified_gmt":"2024-08-24T09:03:17","slug":"axor","status":"publish","type":"page","link":"https:\/\/klienci.scepter.agency\/greston\/produkty\/lazienki\/akcesoria-lazienkowe\/axor\/","title":{"rendered":"Axor"},"content":{"rendered":"\n<p>Axor to marka, kt\u00f3ra specjalizuje si\u0119 w projektowaniu i produkcji ikonicznych produkt\u00f3w dedykowanych luksusowym \u0142azienkom.&nbsp;<\/p>\n\n\n\n<p>Axor oferuje szerok\u0105 gam\u0119 produkt\u00f3w do strefy umywalki, wanny i prysznica. Dla sp\u00f3jnej estetyki \u0142azienkowej, Axor zapewnia r\u00f3wnie\u017c wysokiej jako\u015bci akcesoria. W ofercie marki znajduj\u0105 si\u0119 baterie, prysznice, systemy odp\u0142ywowe oraz termostatyczne, kt\u00f3re \u0142\u0105cz\u0105 nowoczesn\u0105 technologi\u0119 podtynkow\u0105 z eleganckim wzornictwem.<\/p>\n\n\n\n<p>Axor wsp\u00f3\u0142pracuje z czo\u0142owymi \u015bwiatowymi projektantami, aby tworzy\u0107 ikoniczne produkty dla luksusowych \u0142azienek i kuchni. Do tego grona nale\u017c\u0105 Philippe Starck, Barber Osgerby, Antonio Citterio, Jean-Marie Massaud, Patricia Urquiola, Nendo, Phoenix Design i Front. Ka\u017cdy z tych projektant\u00f3w wnosi do kolekcji Axor unikalny styl, a wszystkie produkty s\u0105 rozwijane i produkowane zgodnie z najwy\u017cszymi standardami jako\u015bci. Dzi\u0119ki tej wsp\u00f3\u0142pracy, Axor inspiruje architekt\u00f3w, projektant\u00f3w wn\u0119trz i entuzjast\u00f3w designu, pomagaj\u0105c im tworzy\u0107 \u0142azienki i kuchnie, kt\u00f3re odzwierciedlaj\u0105 indywidualny charakter ich u\u017cytkownik\u00f3w.<\/p>\n\n\n\n<div class=\"wp-block-buttons is-layout-flex wp-block-buttons-is-layout-flex\">\n<div class=\"wp-block-button\"><a class=\"wp-block-button__link wp-element-button\" href=\"https:\/\/www.axor-design.com\/pl\/kuchnia\/produkty\" target=\"_blank\" rel=\"noreferrer noopener\">Zobacz stron\u0119 producenta<\/a><\/div>\n<\/div>\n\n\n\n<p><\/p>\n\n\n\n<figure class=\"wp-block-gallery has-nested-images columns-default is-cropped wp-block-gallery-1 is-layout-flex wp-block-gallery-is-layout-flex\">\n<figure class=\"wp-block-image size-large\"><a href=\"https:\/\/klienci.scepter.agency\/greston\/wp-content\/uploads\/2024\/08\/38__aad01101_tif-scaled.jpg\"><img loading=\"lazy\" decoding=\"async\" width=\"1024\" height=\"1024\" data-id=\"854\" src=\"https:\/\/klienci.scepter.agency\/greston\/wp-content\/uploads\/2024\/08\/38__aad01101_tif-1024x1024.jpg\" alt=\"\" class=\"wp-image-854\" srcset=\"https:\/\/klienci.scepter.agency\/greston\/wp-content\/uploads\/2024\/08\/38__aad01101_tif-1024x1024.jpg 1024w, https:\/\/klienci.scepter.agency\/greston\/wp-content\/uploads\/2024\/08\/38__aad01101_tif-300x300.jpg 300w, https:\/\/klienci.scepter.agency\/greston\/wp-content\/uploads\/2024\/08\/38__aad01101_tif-150x150.jpg 150w, https:\/\/klienci.scepter.agency\/greston\/wp-content\/uploads\/2024\/08\/38__aad01101_tif-768x768.jpg 768w, https:\/\/klienci.scepter.agency\/greston\/wp-content\/uploads\/2024\/08\/38__aad01101_tif-1536x1536.jpg 1536w, https:\/\/klienci.scepter.agency\/greston\/wp-content\/uploads\/2024\/08\/38__aad01101_tif-2048x2048.jpg 2048w, https:\/\/klienci.scepter.agency\/greston\/wp-content\/uploads\/2024\/08\/38__aad01101_tif-600x600.jpg 600w, https:\/\/klienci.scepter.agency\/greston\/wp-content\/uploads\/2024\/08\/38__aad01101_tif-100x100.jpg 100w\" sizes=\"auto, (max-width: 1024px) 100vw, 1024px\" \/><\/a><\/figure>\n\n\n\n<figure class=\"wp-block-image size-large\"><a href=\"https:\/\/klienci.scepter.agency\/greston\/wp-content\/uploads\/2024\/08\/38__aad00993_tif-scaled.jpg\"><img loading=\"lazy\" decoding=\"async\" width=\"1024\" height=\"683\" data-id=\"852\" src=\"https:\/\/klienci.scepter.agency\/greston\/wp-content\/uploads\/2024\/08\/38__aad00993_tif-1024x683.jpg\" alt=\"\" class=\"wp-image-852\" srcset=\"https:\/\/klienci.scepter.agency\/greston\/wp-content\/uploads\/2024\/08\/38__aad00993_tif-1024x683.jpg 1024w, https:\/\/klienci.scepter.agency\/greston\/wp-content\/uploads\/2024\/08\/38__aad00993_tif-300x200.jpg 300w, https:\/\/klienci.scepter.agency\/greston\/wp-content\/uploads\/2024\/08\/38__aad00993_tif-768x512.jpg 768w, https:\/\/klienci.scepter.agency\/greston\/wp-content\/uploads\/2024\/08\/38__aad00993_tif-1536x1024.jpg 1536w, https:\/\/klienci.scepter.agency\/greston\/wp-content\/uploads\/2024\/08\/38__aad00993_tif-2048x1365.jpg 2048w, https:\/\/klienci.scepter.agency\/greston\/wp-content\/uploads\/2024\/08\/38__aad00993_tif-600x400.jpg 600w\" sizes=\"auto, (max-width: 1024px) 100vw, 1024px\" \/><\/a><\/figure>\n\n\n\n<figure class=\"wp-block-image size-large\"><a href=\"https:\/\/klienci.scepter.agency\/greston\/wp-content\/uploads\/2024\/08\/38__aad00890_tif-scaled.jpg\"><img loading=\"lazy\" decoding=\"async\" width=\"1024\" height=\"683\" data-id=\"851\" src=\"https:\/\/klienci.scepter.agency\/greston\/wp-content\/uploads\/2024\/08\/38__aad00890_tif-1024x683.jpg\" alt=\"\" class=\"wp-image-851\" srcset=\"https:\/\/klienci.scepter.agency\/greston\/wp-content\/uploads\/2024\/08\/38__aad00890_tif-1024x683.jpg 1024w, https:\/\/klienci.scepter.agency\/greston\/wp-content\/uploads\/2024\/08\/38__aad00890_tif-300x200.jpg 300w, https:\/\/klienci.scepter.agency\/greston\/wp-content\/uploads\/2024\/08\/38__aad00890_tif-768x512.jpg 768w, https:\/\/klienci.scepter.agency\/greston\/wp-content\/uploads\/2024\/08\/38__aad00890_tif-1536x1024.jpg 1536w, https:\/\/klienci.scepter.agency\/greston\/wp-content\/uploads\/2024\/08\/38__aad00890_tif-2048x1365.jpg 2048w, https:\/\/klienci.scepter.agency\/greston\/wp-content\/uploads\/2024\/08\/38__aad00890_tif-600x400.jpg 600w\" sizes=\"auto, (max-width: 1024px) 100vw, 1024px\" \/><\/a><\/figure>\n\n\n\n<figure class=\"wp-block-image size-large\"><a href=\"https:\/\/klienci.scepter.agency\/greston\/wp-content\/uploads\/2024\/08\/38__aad00849_tif-scaled.jpg\"><img loading=\"lazy\" decoding=\"async\" width=\"1024\" height=\"768\" data-id=\"848\" src=\"https:\/\/klienci.scepter.agency\/greston\/wp-content\/uploads\/2024\/08\/38__aad00849_tif-1024x768.jpg\" alt=\"\" class=\"wp-image-848\" srcset=\"https:\/\/klienci.scepter.agency\/greston\/wp-content\/uploads\/2024\/08\/38__aad00849_tif-1024x768.jpg 1024w, https:\/\/klienci.scepter.agency\/greston\/wp-content\/uploads\/2024\/08\/38__aad00849_tif-300x225.jpg 300w, https:\/\/klienci.scepter.agency\/greston\/wp-content\/uploads\/2024\/08\/38__aad00849_tif-768x576.jpg 768w, https:\/\/klienci.scepter.agency\/greston\/wp-content\/uploads\/2024\/08\/38__aad00849_tif-1536x1152.jpg 1536w, https:\/\/klienci.scepter.agency\/greston\/wp-content\/uploads\/2024\/08\/38__aad00849_tif-2048x1536.jpg 2048w, https:\/\/klienci.scepter.agency\/greston\/wp-content\/uploads\/2024\/08\/38__aad00849_tif-600x450.jpg 600w\" sizes=\"auto, (max-width: 1024px) 100vw, 1024px\" \/><\/a><\/figure>\n\n\n\n<figure class=\"wp-block-image size-large\"><a href=\"https:\/\/klienci.scepter.agency\/greston\/wp-content\/uploads\/2024\/08\/38__aad00802_tif-scaled.jpg\"><img loading=\"lazy\" decoding=\"async\" width=\"1024\" height=\"767\" data-id=\"847\" src=\"https:\/\/klienci.scepter.agency\/greston\/wp-content\/uploads\/2024\/08\/38__aad00802_tif-1024x767.jpg\" alt=\"\" class=\"wp-image-847\" srcset=\"https:\/\/klienci.scepter.agency\/greston\/wp-content\/uploads\/2024\/08\/38__aad00802_tif-1024x767.jpg 1024w, https:\/\/klienci.scepter.agency\/greston\/wp-content\/uploads\/2024\/08\/38__aad00802_tif-300x225.jpg 300w, https:\/\/klienci.scepter.agency\/greston\/wp-content\/uploads\/2024\/08\/38__aad00802_tif-768x576.jpg 768w, https:\/\/klienci.scepter.agency\/greston\/wp-content\/uploads\/2024\/08\/38__aad00802_tif-1536x1151.jpg 1536w, https:\/\/klienci.scepter.agency\/greston\/wp-content\/uploads\/2024\/08\/38__aad00802_tif-2048x1535.jpg 2048w, https:\/\/klienci.scepter.agency\/greston\/wp-content\/uploads\/2024\/08\/38__aad00802_tif-600x450.jpg 600w\" sizes=\"auto, (max-width: 1024px) 100vw, 1024px\" \/><\/a><\/figure>\n\n\n\n<figure class=\"wp-block-image size-large\"><a href=\"https:\/\/klienci.scepter.agency\/greston\/wp-content\/uploads\/2024\/08\/Wyrozniajace-2-scaled.jpg\"><img loading=\"lazy\" decoding=\"async\" width=\"901\" height=\"1024\" data-id=\"846\" src=\"https:\/\/klienci.scepter.agency\/greston\/wp-content\/uploads\/2024\/08\/Wyrozniajace-2-901x1024.jpg\" alt=\"\" class=\"wp-image-846\" srcset=\"https:\/\/klienci.scepter.agency\/greston\/wp-content\/uploads\/2024\/08\/Wyrozniajace-2-901x1024.jpg 901w, https:\/\/klienci.scepter.agency\/greston\/wp-content\/uploads\/2024\/08\/Wyrozniajace-2-264x300.jpg 264w, https:\/\/klienci.scepter.agency\/greston\/wp-content\/uploads\/2024\/08\/Wyrozniajace-2-768x873.jpg 768w, https:\/\/klienci.scepter.agency\/greston\/wp-content\/uploads\/2024\/08\/Wyrozniajace-2-1352x1536.jpg 1352w, https:\/\/klienci.scepter.agency\/greston\/wp-content\/uploads\/2024\/08\/Wyrozniajace-2-1802x2048.jpg 1802w, https:\/\/klienci.scepter.agency\/greston\/wp-content\/uploads\/2024\/08\/Wyrozniajace-2-600x682.jpg 600w\" sizes=\"auto, (max-width: 901px) 100vw, 901px\" \/><\/a><\/figure>\n\n\n\n<figure class=\"wp-block-image size-large\"><a href=\"https:\/\/klienci.scepter.agency\/greston\/wp-content\/uploads\/2024\/08\/38__aad01244_tif-scaled.jpg\"><img loading=\"lazy\" decoding=\"async\" width=\"1024\" height=\"1024\" data-id=\"845\" src=\"https:\/\/klienci.scepter.agency\/greston\/wp-content\/uploads\/2024\/08\/38__aad01244_tif-1024x1024.jpg\" alt=\"\" class=\"wp-image-845\" srcset=\"https:\/\/klienci.scepter.agency\/greston\/wp-content\/uploads\/2024\/08\/38__aad01244_tif-1024x1024.jpg 1024w, https:\/\/klienci.scepter.agency\/greston\/wp-content\/uploads\/2024\/08\/38__aad01244_tif-300x300.jpg 300w, https:\/\/klienci.scepter.agency\/greston\/wp-content\/uploads\/2024\/08\/38__aad01244_tif-150x150.jpg 150w, https:\/\/klienci.scepter.agency\/greston\/wp-content\/uploads\/2024\/08\/38__aad01244_tif-768x768.jpg 768w, https:\/\/klienci.scepter.agency\/greston\/wp-content\/uploads\/2024\/08\/38__aad01244_tif-1536x1536.jpg 1536w, https:\/\/klienci.scepter.agency\/greston\/wp-content\/uploads\/2024\/08\/38__aad01244_tif-2048x2048.jpg 2048w, https:\/\/klienci.scepter.agency\/greston\/wp-content\/uploads\/2024\/08\/38__aad01244_tif-600x600.jpg 600w, https:\/\/klienci.scepter.agency\/greston\/wp-content\/uploads\/2024\/08\/38__aad01244_tif-100x100.jpg 100w\" sizes=\"auto, (max-width: 1024px) 100vw, 1024px\" \/><\/a><\/figure>\n\n\n\n<figure class=\"wp-block-image size-large\"><a href=\"https:\/\/klienci.scepter.agency\/greston\/wp-content\/uploads\/2024\/08\/38__aad01240_tif-scaled.jpg\"><img loading=\"lazy\" decoding=\"async\" width=\"1024\" height=\"1024\" data-id=\"844\" src=\"https:\/\/klienci.scepter.agency\/greston\/wp-content\/uploads\/2024\/08\/38__aad01240_tif-1024x1024.jpg\" alt=\"\" class=\"wp-image-844\" srcset=\"https:\/\/klienci.scepter.agency\/greston\/wp-content\/uploads\/2024\/08\/38__aad01240_tif-1024x1024.jpg 1024w, https:\/\/klienci.scepter.agency\/greston\/wp-content\/uploads\/2024\/08\/38__aad01240_tif-300x300.jpg 300w, https:\/\/klienci.scepter.agency\/greston\/wp-content\/uploads\/2024\/08\/38__aad01240_tif-150x150.jpg 150w, https:\/\/klienci.scepter.agency\/greston\/wp-content\/uploads\/2024\/08\/38__aad01240_tif-768x768.jpg 768w, https:\/\/klienci.scepter.agency\/greston\/wp-content\/uploads\/2024\/08\/38__aad01240_tif-1536x1536.jpg 1536w, https:\/\/klienci.scepter.agency\/greston\/wp-content\/uploads\/2024\/08\/38__aad01240_tif-2048x2048.jpg 2048w, https:\/\/klienci.scepter.agency\/greston\/wp-content\/uploads\/2024\/08\/38__aad01240_tif-600x600.jpg 600w, https:\/\/klienci.scepter.agency\/greston\/wp-content\/uploads\/2024\/08\/38__aad01240_tif-100x100.jpg 100w\" sizes=\"auto, (max-width: 1024px) 100vw, 1024px\" \/><\/a><\/figure>\n\n\n\n<figure class=\"wp-block-image size-large\"><a href=\"https:\/\/klienci.scepter.agency\/greston\/wp-content\/uploads\/2024\/08\/38__aad01161_tif-scaled.jpg\"><img loading=\"lazy\" decoding=\"async\" width=\"1024\" height=\"751\" data-id=\"842\" src=\"https:\/\/klienci.scepter.agency\/greston\/wp-content\/uploads\/2024\/08\/38__aad01161_tif-1024x751.jpg\" alt=\"\" class=\"wp-image-842\" srcset=\"https:\/\/klienci.scepter.agency\/greston\/wp-content\/uploads\/2024\/08\/38__aad01161_tif-1024x751.jpg 1024w, https:\/\/klienci.scepter.agency\/greston\/wp-content\/uploads\/2024\/08\/38__aad01161_tif-300x220.jpg 300w, https:\/\/klienci.scepter.agency\/greston\/wp-content\/uploads\/2024\/08\/38__aad01161_tif-768x563.jpg 768w, https:\/\/klienci.scepter.agency\/greston\/wp-content\/uploads\/2024\/08\/38__aad01161_tif-1536x1127.jpg 1536w, https:\/\/klienci.scepter.agency\/greston\/wp-content\/uploads\/2024\/08\/38__aad01161_tif-2048x1502.jpg 2048w, https:\/\/klienci.scepter.agency\/greston\/wp-content\/uploads\/2024\/08\/38__aad01161_tif-600x440.jpg 600w\" sizes=\"auto, (max-width: 1024px) 100vw, 1024px\" \/><\/a><\/figure>\n<\/figure>\n","protected":false},"excerpt":{"rendered":"<p>Axor to marka, kt\u00f3ra specjalizuje si\u0119 w projektowaniu i produkcji ikonicznych produkt\u00f3w dedykowanych luksusowym \u0142azienkom.&nbsp; Axor oferuje szerok\u0105 gam\u0119 produkt\u00f3w do strefy umywalki, wanny i prysznica. Dla sp\u00f3jnej estetyki \u0142azienkowej, Axor zapewnia r\u00f3wnie\u017c wysokiej jako\u015bci akcesoria. W ofercie marki znajduj\u0105 si\u0119 baterie, prysznice, systemy odp\u0142ywowe oraz termostatyczne, kt\u00f3re \u0142\u0105cz\u0105 nowoczesn\u0105 technologi\u0119 podtynkow\u0105 z eleganckim wzornictwem. [&hellip;]<\/p>\n","protected":false},"author":1,"featured_media":844,"parent":712,"menu_order":0,"comment_status":"closed","ping_status":"closed","template":"pages\/produkty-marki.php","meta":{"footnotes":""},"class_list":["post-729","page","type-page","status-publish","has-post-thumbnail","hentry"],"acf":[],"yoast_head":"<!-- This site is optimized with the Yoast SEO plugin v23.2 - https:\/\/yoast.com\/wordpress\/plugins\/seo\/ -->\n<title>Axor - Salon \u0142azienek Warszawa, armatura, gresy i akcesoria - Greston<\/title>\n<meta name=\"robots\" content=\"noindex, follow, max-snippet:-1, max-image-preview:large, max-video-preview:-1\" \/>\n<meta property=\"og:locale\" content=\"pl_PL\" \/>\n<meta property=\"og:type\" content=\"article\" \/>\n<meta property=\"og:title\" content=\"Axor - Salon \u0142azienek Warszawa, armatura, gresy i akcesoria - Greston\" \/>\n<meta property=\"og:description\" content=\"Axor to marka, kt\u00f3ra specjalizuje si\u0119 w projektowaniu i produkcji ikonicznych produkt\u00f3w dedykowanych luksusowym \u0142azienkom.&nbsp; Axor oferuje szerok\u0105 gam\u0119 produkt\u00f3w do strefy umywalki, wanny i prysznica. Dla sp\u00f3jnej estetyki \u0142azienkowej, Axor zapewnia r\u00f3wnie\u017c wysokiej jako\u015bci akcesoria. W ofercie marki znajduj\u0105 si\u0119 baterie, prysznice, systemy odp\u0142ywowe oraz termostatyczne, kt\u00f3re \u0142\u0105cz\u0105 nowoczesn\u0105 technologi\u0119 podtynkow\u0105 z eleganckim wzornictwem. [&hellip;]\" \/>\n<meta property=\"og:url\" content=\"https:\/\/klienci.scepter.agency\/greston\/produkty\/lazienki\/akcesoria-lazienkowe\/axor\/\" \/>\n<meta property=\"og:site_name\" content=\"Salon \u0142azienek Warszawa, armatura, gresy i akcesoria - Greston\" \/>\n<meta property=\"article:modified_time\" content=\"2024-08-24T09:03:17+00:00\" \/>\n<meta property=\"og:image\" content=\"https:\/\/klienci.scepter.agency\/greston\/wp-content\/uploads\/2024\/08\/38__aad01240_tif-scaled.jpg\" \/>\n\t<meta property=\"og:image:width\" content=\"2560\" \/>\n\t<meta property=\"og:image:height\" content=\"2560\" \/>\n\t<meta property=\"og:image:type\" content=\"image\/jpeg\" \/>\n<meta name=\"twitter:card\" content=\"summary_large_image\" \/>\n<meta name=\"twitter:label1\" content=\"Szacowany czas czytania\" \/>\n\t<meta name=\"twitter:data1\" content=\"3 minuty\" \/>\n<script type=\"application\/ld+json\" class=\"yoast-schema-graph\">{\"@context\":\"https:\/\/schema.org\",\"@graph\":[{\"@type\":\"WebPage\",\"@id\":\"https:\/\/klienci.scepter.agency\/greston\/produkty\/lazienki\/akcesoria-lazienkowe\/axor\/\",\"url\":\"https:\/\/klienci.scepter.agency\/greston\/produkty\/lazienki\/akcesoria-lazienkowe\/axor\/\",\"name\":\"Axor - Salon \u0142azienek Warszawa, armatura, gresy i akcesoria - Greston\",\"isPartOf\":{\"@id\":\"https:\/\/klienci.scepter.agency\/greston\/#website\"},\"primaryImageOfPage\":{\"@id\":\"https:\/\/klienci.scepter.agency\/greston\/produkty\/lazienki\/akcesoria-lazienkowe\/axor\/#primaryimage\"},\"image\":{\"@id\":\"https:\/\/klienci.scepter.agency\/greston\/produkty\/lazienki\/akcesoria-lazienkowe\/axor\/#primaryimage\"},\"thumbnailUrl\":\"https:\/\/klienci.scepter.agency\/greston\/wp-content\/uploads\/2024\/08\/38__aad01240_tif-scaled.jpg\",\"datePublished\":\"2024-08-13T21:41:13+00:00\",\"dateModified\":\"2024-08-24T09:03:17+00:00\",\"breadcrumb\":{\"@id\":\"https:\/\/klienci.scepter.agency\/greston\/produkty\/lazienki\/akcesoria-lazienkowe\/axor\/#breadcrumb\"},\"inLanguage\":\"pl-PL\",\"potentialAction\":[{\"@type\":\"ReadAction\",\"target\":[\"https:\/\/klienci.scepter.agency\/greston\/produkty\/lazienki\/akcesoria-lazienkowe\/axor\/\"]}]},{\"@type\":\"ImageObject\",\"inLanguage\":\"pl-PL\",\"@id\":\"https:\/\/klienci.scepter.agency\/greston\/produkty\/lazienki\/akcesoria-lazienkowe\/axor\/#primaryimage\",\"url\":\"https:\/\/klienci.scepter.agency\/greston\/wp-content\/uploads\/2024\/08\/38__aad01240_tif-scaled.jpg\",\"contentUrl\":\"https:\/\/klienci.scepter.agency\/greston\/wp-content\/uploads\/2024\/08\/38__aad01240_tif-scaled.jpg\",\"width\":2560,\"height\":2560},{\"@type\":\"BreadcrumbList\",\"@id\":\"https:\/\/klienci.scepter.agency\/greston\/produkty\/lazienki\/akcesoria-lazienkowe\/axor\/#breadcrumb\",\"itemListElement\":[{\"@type\":\"ListItem\",\"position\":1,\"name\":\"Strona g\u0142\u00f3wna\",\"item\":\"https:\/\/klienci.scepter.agency\/greston\/\"},{\"@type\":\"ListItem\",\"position\":2,\"name\":\"Produkty\",\"item\":\"https:\/\/klienci.scepter.agency\/greston\/produkty\/\"},{\"@type\":\"ListItem\",\"position\":3,\"name\":\"\u0141azienki\",\"item\":\"https:\/\/klienci.scepter.agency\/greston\/produkty\/lazienki\/\"},{\"@type\":\"ListItem\",\"position\":4,\"name\":\"Akcesoria \u0142azienkowe\",\"item\":\"https:\/\/klienci.scepter.agency\/greston\/produkty\/lazienki\/akcesoria-lazienkowe\/\"},{\"@type\":\"ListItem\",\"position\":5,\"name\":\"Axor\"}]},{\"@type\":\"WebSite\",\"@id\":\"https:\/\/klienci.scepter.agency\/greston\/#website\",\"url\":\"https:\/\/klienci.scepter.agency\/greston\/\",\"name\":\"Salon \u0142azienek Warszawa, armatura, gresy i akcesoria - Greston\",\"description\":\"\",\"potentialAction\":[{\"@type\":\"SearchAction\",\"target\":{\"@type\":\"EntryPoint\",\"urlTemplate\":\"https:\/\/klienci.scepter.agency\/greston\/?s={search_term_string}\"},\"query-input\":\"required name=search_term_string\"}],\"inLanguage\":\"pl-PL\"}]}<\/script>\n<!-- \/ Yoast SEO plugin. -->","yoast_head_json":{"title":"Axor - Salon \u0142azienek Warszawa, armatura, gresy i akcesoria - Greston","robots":{"index":"noindex","follow":"follow","max-snippet":"max-snippet:-1","max-image-preview":"max-image-preview:large","max-video-preview":"max-video-preview:-1"},"og_locale":"pl_PL","og_type":"article","og_title":"Axor - Salon \u0142azienek Warszawa, armatura, gresy i akcesoria - Greston","og_description":"Axor to marka, kt\u00f3ra specjalizuje si\u0119 w projektowaniu i produkcji ikonicznych produkt\u00f3w dedykowanych luksusowym \u0142azienkom.&nbsp; Axor oferuje szerok\u0105 gam\u0119 produkt\u00f3w do strefy umywalki, wanny i prysznica. Dla sp\u00f3jnej estetyki \u0142azienkowej, Axor zapewnia r\u00f3wnie\u017c wysokiej jako\u015bci akcesoria. W ofercie marki znajduj\u0105 si\u0119 baterie, prysznice, systemy odp\u0142ywowe oraz termostatyczne, kt\u00f3re \u0142\u0105cz\u0105 nowoczesn\u0105 technologi\u0119 podtynkow\u0105 z eleganckim wzornictwem. [&hellip;]","og_url":"https:\/\/klienci.scepter.agency\/greston\/produkty\/lazienki\/akcesoria-lazienkowe\/axor\/","og_site_name":"Salon \u0142azienek Warszawa, armatura, gresy i akcesoria - Greston","article_modified_time":"2024-08-24T09:03:17+00:00","og_image":[{"width":2560,"height":2560,"url":"https:\/\/klienci.scepter.agency\/greston\/wp-content\/uploads\/2024\/08\/38__aad01240_tif-scaled.jpg","type":"image\/jpeg"}],"twitter_card":"summary_large_image","twitter_misc":{"Szacowany czas czytania":"3 minuty"},"schema":{"@context":"https:\/\/schema.org","@graph":[{"@type":"WebPage","@id":"https:\/\/klienci.scepter.agency\/greston\/produkty\/lazienki\/akcesoria-lazienkowe\/axor\/","url":"https:\/\/klienci.scepter.agency\/greston\/produkty\/lazienki\/akcesoria-lazienkowe\/axor\/","name":"Axor - Salon \u0142azienek Warszawa, armatura, gresy i akcesoria - Greston","isPartOf":{"@id":"https:\/\/klienci.scepter.agency\/greston\/#website"},"primaryImageOfPage":{"@id":"https:\/\/klienci.scepter.agency\/greston\/produkty\/lazienki\/akcesoria-lazienkowe\/axor\/#primaryimage"},"image":{"@id":"https:\/\/klienci.scepter.agency\/greston\/produkty\/lazienki\/akcesoria-lazienkowe\/axor\/#primaryimage"},"thumbnailUrl":"https:\/\/klienci.scepter.agency\/greston\/wp-content\/uploads\/2024\/08\/38__aad01240_tif-scaled.jpg","datePublished":"2024-08-13T21:41:13+00:00","dateModified":"2024-08-24T09:03:17+00:00","breadcrumb":{"@id":"https:\/\/klienci.scepter.agency\/greston\/produkty\/lazienki\/akcesoria-lazienkowe\/axor\/#breadcrumb"},"inLanguage":"pl-PL","potentialAction":[{"@type":"ReadAction","target":["https:\/\/klienci.scepter.agency\/greston\/produkty\/lazienki\/akcesoria-lazienkowe\/axor\/"]}]},{"@type":"ImageObject","inLanguage":"pl-PL","@id":"https:\/\/klienci.scepter.agency\/greston\/produkty\/lazienki\/akcesoria-lazienkowe\/axor\/#primaryimage","url":"https:\/\/klienci.scepter.agency\/greston\/wp-content\/uploads\/2024\/08\/38__aad01240_tif-scaled.jpg","contentUrl":"https:\/\/klienci.scepter.agency\/greston\/wp-content\/uploads\/2024\/08\/38__aad01240_tif-scaled.jpg","width":2560,"height":2560},{"@type":"BreadcrumbList","@id":"https:\/\/klienci.scepter.agency\/greston\/produkty\/lazienki\/akcesoria-lazienkowe\/axor\/#breadcrumb","itemListElement":[{"@type":"ListItem","position":1,"name":"Strona g\u0142\u00f3wna","item":"https:\/\/klienci.scepter.agency\/greston\/"},{"@type":"ListItem","position":2,"name":"Produkty","item":"https:\/\/klienci.scepter.agency\/greston\/produkty\/"},{"@type":"ListItem","position":3,"name":"\u0141azienki","item":"https:\/\/klienci.scepter.agency\/greston\/produkty\/lazienki\/"},{"@type":"ListItem","position":4,"name":"Akcesoria \u0142azienkowe","item":"https:\/\/klienci.scepter.agency\/greston\/produkty\/lazienki\/akcesoria-lazienkowe\/"},{"@type":"ListItem","position":5,"name":"Axor"}]},{"@type":"WebSite","@id":"https:\/\/klienci.scepter.agency\/greston\/#website","url":"https:\/\/klienci.scepter.agency\/greston\/","name":"Salon \u0142azienek Warszawa, armatura, gresy i akcesoria - Greston","description":"","potentialAction":[{"@type":"SearchAction","target":{"@type":"EntryPoint","urlTemplate":"https:\/\/klienci.scepter.agency\/greston\/?s={search_term_string}"},"query-input":"required name=search_term_string"}],"inLanguage":"pl-PL"}]}},"_links":{"self":[{"href":"https:\/\/klienci.scepter.agency\/greston\/wp-json\/wp\/v2\/pages\/729","targetHints":{"allow":["GET"]}}],"collection":[{"href":"https:\/\/klienci.scepter.agency\/greston\/wp-json\/wp\/v2\/pages"}],"about":[{"href":"https:\/\/klienci.scepter.agency\/greston\/wp-json\/wp\/v2\/types\/page"}],"author":[{"embeddable":true,"href":"https:\/\/klienci.scepter.agency\/greston\/wp-json\/wp\/v2\/users\/1"}],"replies":[{"embeddable":true,"href":"https:\/\/klienci.scepter.agency\/greston\/wp-json\/wp\/v2\/comments?post=729"}],"version-history":[{"count":5,"href":"https:\/\/klienci.scepter.agency\/greston\/wp-json\/wp\/v2\/pages\/729\/revisions"}],"predecessor-version":[{"id":849,"href":"https:\/\/klienci.scepter.agency\/greston\/wp-json\/wp\/v2\/pages\/729\/revisions\/849"}],"up":[{"embeddable":true,"href":"https:\/\/klienci.scepter.agency\/greston\/wp-json\/wp\/v2\/pages\/712"}],"wp:featuredmedia":[{"embeddable":true,"href":"https:\/\/klienci.scepter.agency\/greston\/wp-json\/wp\/v2\/media\/844"}],"wp:attachment":[{"href":"https:\/\/klienci.scepter.agency\/greston\/wp-json\/wp\/v2\/media?parent=729"}],"curies":[{"name":"wp","href":"https:\/\/api.w.org\/{rel}","templated":true}]}}