{"id":1469,"date":"2024-10-01T10:36:41","date_gmt":"2024-10-01T08:36:41","guid":{"rendered":"https:\/\/klienci.scepter.agency\/greston\/?post_type=product&#038;p=1469"},"modified":"2024-10-01T10:54:54","modified_gmt":"2024-10-01T08:54:54","slug":"duravit-luv-wanna-narozna-1850x950","status":"publish","type":"product","link":"https:\/\/klienci.scepter.agency\/greston\/produkt\/duravit-luv-wanna-narozna-1850x950\/","title":{"rendered":"DURAVIT  LUV  wanna naro\u017cna 1850&#215;950"},"content":{"rendered":"<p>&nbsp;<\/p>\n<p><img loading=\"lazy\" decoding=\"async\" class=\"alignnone size-medium wp-image-1470\" src=\"https:\/\/klienci.scepter.agency\/greston\/wp-content\/uploads\/2024\/10\/duravit-luv-wanna-owalna-narozna-185x95-cm-lewa-biala-70043100000000_1-300x300.jpg\" alt=\"\" width=\"300\" height=\"300\" srcset=\"https:\/\/klienci.scepter.agency\/greston\/wp-content\/uploads\/2024\/10\/duravit-luv-wanna-owalna-narozna-185x95-cm-lewa-biala-70043100000000_1-300x300.jpg 300w, https:\/\/klienci.scepter.agency\/greston\/wp-content\/uploads\/2024\/10\/duravit-luv-wanna-owalna-narozna-185x95-cm-lewa-biala-70043100000000_1-150x150.jpg 150w, https:\/\/klienci.scepter.agency\/greston\/wp-content\/uploads\/2024\/10\/duravit-luv-wanna-owalna-narozna-185x95-cm-lewa-biala-70043100000000_1-768x768.jpg 768w, https:\/\/klienci.scepter.agency\/greston\/wp-content\/uploads\/2024\/10\/duravit-luv-wanna-owalna-narozna-185x95-cm-lewa-biala-70043100000000_1-600x600.jpg 600w, https:\/\/klienci.scepter.agency\/greston\/wp-content\/uploads\/2024\/10\/duravit-luv-wanna-owalna-narozna-185x95-cm-lewa-biala-70043100000000_1-100x100.jpg 100w, https:\/\/klienci.scepter.agency\/greston\/wp-content\/uploads\/2024\/10\/duravit-luv-wanna-owalna-narozna-185x95-cm-lewa-biala-70043100000000_1.jpg 800w\" sizes=\"auto, (max-width: 300px) 100vw, 300px\" \/><\/p>\n<p>Friedrich Horn w 1817 roku za\u0142o\u017cy\u0142 firm\u0119 <strong>Duravit<\/strong> i rozpocz\u0105\u0142 wyr\u00f3b naczy\u0144 sto\u0142owych w Szwarcwaldzie. Po latach modyfikacji i dostosowa\u0144 do potrzeb rynku, w\u0142a\u015bciciel wyklarowa\u0142 misj\u0119 dzia\u0142alno\u015bci, kt\u00f3ra przeobrazi\u0142a si\u0119 w produkcj\u0119 nietuzinkowych sanitariat\u00f3w. Jedna z pierwszych designerskich kolekcji \u2013 Giamo, kt\u00f3rej tw\u00f3rc\u0105 by\u0142 Christian Sieger \u2013 powsta\u0142a w 1987 roku i by\u0142a wst\u0119pem do kreacji niepowtarzalnej ceramiki sanitarnej. Obecnie Duravit to jedna z najwi\u0119kszych firm dzia\u0142aj\u0105cych w bran\u017cy wyposa\u017cenia wn\u0119trz.<\/p>\n<p><strong>LUV\u00a0 WANNA NARO\u017bNA LEWA<\/strong>\u00a0 1850x950mm.<\/p>\n","protected":false},"excerpt":{"rendered":"<p><img loading=\"lazy\" decoding=\"async\" class=\"alignnone size-full wp-image-1212\" src=\"https:\/\/klienci.scepter.agency\/greston\/wp-content\/uploads\/2024\/09\/94.jpg\" alt=\"\" width=\"175\" height=\"46\" \/><\/p>\n<p>Du\u017ca i wygodna wanna w \u015bwietnej cenie.<\/p>\n","protected":false},"featured_media":1471,"comment_status":"open","ping_status":"closed","template":"","meta":[],"product_cat":[28],"product_tag":[],"class_list":{"0":"post-1469","1":"product","2":"type-product","3":"status-publish","4":"has-post-thumbnail","6":"product_cat-wanny","8":"first","9":"instock","10":"sale","11":"shipping-taxable","12":"purchasable","13":"product-type-simple"},"acf":[],"yoast_head":"<!-- This site is optimized with the Yoast SEO plugin v23.2 - https:\/\/yoast.com\/wordpress\/plugins\/seo\/ -->\n<title>DURAVIT LUV wanna naro\u017cna 1850x950 - Salon \u0142azienek Warszawa, armatura, gresy i akcesoria - Greston<\/title>\n<meta name=\"description\" content=\"Du\u017ca i wygodna wanna w \u015bwietnej cenie.\" \/>\n<meta name=\"robots\" content=\"noindex, follow, max-snippet:-1, max-image-preview:large, max-video-preview:-1\" \/>\n<meta property=\"og:locale\" content=\"pl_PL\" \/>\n<meta property=\"og:type\" content=\"article\" \/>\n<meta property=\"og:title\" content=\"DURAVIT LUV wanna naro\u017cna 1850x950 - Salon \u0142azienek Warszawa, armatura, gresy i akcesoria - Greston\" \/>\n<meta property=\"og:description\" content=\"Du\u017ca i wygodna wanna w \u015bwietnej cenie.\" \/>\n<meta property=\"og:url\" content=\"https:\/\/klienci.scepter.agency\/greston\/produkt\/duravit-luv-wanna-narozna-1850x950\/\" \/>\n<meta property=\"og:site_name\" content=\"Salon \u0142azienek Warszawa, armatura, gresy i akcesoria - Greston\" \/>\n<meta property=\"article:modified_time\" content=\"2024-10-01T08:54:54+00:00\" \/>\n<meta property=\"og:image\" content=\"https:\/\/klienci.scepter.agency\/greston\/wp-content\/uploads\/2024\/10\/Duravit-Luv-bathtub-700431000000000-185-x-95-x-46-cm-left-paneling-and-frame-2-back-rests-white.jpg\" \/>\n\t<meta property=\"og:image:width\" content=\"1278\" \/>\n\t<meta property=\"og:image:height\" content=\"639\" \/>\n\t<meta property=\"og:image:type\" content=\"image\/jpeg\" \/>\n<meta name=\"twitter:card\" content=\"summary_large_image\" \/>\n<meta name=\"twitter:label1\" content=\"Szacowany czas czytania\" \/>\n\t<meta name=\"twitter:data1\" content=\"1 minuta\" \/>\n<script type=\"application\/ld+json\" class=\"yoast-schema-graph\">{\"@context\":\"https:\/\/schema.org\",\"@graph\":[{\"@type\":\"WebPage\",\"@id\":\"https:\/\/klienci.scepter.agency\/greston\/produkt\/duravit-luv-wanna-narozna-1850x950\/\",\"url\":\"https:\/\/klienci.scepter.agency\/greston\/produkt\/duravit-luv-wanna-narozna-1850x950\/\",\"name\":\"DURAVIT LUV wanna naro\u017cna 1850x950 - Salon \u0142azienek Warszawa, armatura, gresy i akcesoria - Greston\",\"isPartOf\":{\"@id\":\"https:\/\/klienci.scepter.agency\/greston\/#website\"},\"primaryImageOfPage\":{\"@id\":\"https:\/\/klienci.scepter.agency\/greston\/produkt\/duravit-luv-wanna-narozna-1850x950\/#primaryimage\"},\"image\":{\"@id\":\"https:\/\/klienci.scepter.agency\/greston\/produkt\/duravit-luv-wanna-narozna-1850x950\/#primaryimage\"},\"thumbnailUrl\":\"https:\/\/klienci.scepter.agency\/greston\/wp-content\/uploads\/2024\/10\/Duravit-Luv-bathtub-700431000000000-185-x-95-x-46-cm-left-paneling-and-frame-2-back-rests-white.jpg\",\"datePublished\":\"2024-10-01T08:36:41+00:00\",\"dateModified\":\"2024-10-01T08:54:54+00:00\",\"description\":\"Du\u017ca i wygodna wanna w \u015bwietnej cenie.\",\"breadcrumb\":{\"@id\":\"https:\/\/klienci.scepter.agency\/greston\/produkt\/duravit-luv-wanna-narozna-1850x950\/#breadcrumb\"},\"inLanguage\":\"pl-PL\",\"potentialAction\":[{\"@type\":\"ReadAction\",\"target\":[\"https:\/\/klienci.scepter.agency\/greston\/produkt\/duravit-luv-wanna-narozna-1850x950\/\"]}]},{\"@type\":\"ImageObject\",\"inLanguage\":\"pl-PL\",\"@id\":\"https:\/\/klienci.scepter.agency\/greston\/produkt\/duravit-luv-wanna-narozna-1850x950\/#primaryimage\",\"url\":\"https:\/\/klienci.scepter.agency\/greston\/wp-content\/uploads\/2024\/10\/Duravit-Luv-bathtub-700431000000000-185-x-95-x-46-cm-left-paneling-and-frame-2-back-rests-white.jpg\",\"contentUrl\":\"https:\/\/klienci.scepter.agency\/greston\/wp-content\/uploads\/2024\/10\/Duravit-Luv-bathtub-700431000000000-185-x-95-x-46-cm-left-paneling-and-frame-2-back-rests-white.jpg\",\"width\":1278,\"height\":639},{\"@type\":\"BreadcrumbList\",\"@id\":\"https:\/\/klienci.scepter.agency\/greston\/produkt\/duravit-luv-wanna-narozna-1850x950\/#breadcrumb\",\"itemListElement\":[{\"@type\":\"ListItem\",\"position\":1,\"name\":\"Strona g\u0142\u00f3wna\",\"item\":\"https:\/\/klienci.scepter.agency\/greston\/\"},{\"@type\":\"ListItem\",\"position\":2,\"name\":\"DURAVIT LUV wanna naro\u017cna 1850&#215;950\"}]},{\"@type\":\"WebSite\",\"@id\":\"https:\/\/klienci.scepter.agency\/greston\/#website\",\"url\":\"https:\/\/klienci.scepter.agency\/greston\/\",\"name\":\"Salon \u0142azienek Warszawa, armatura, gresy i akcesoria - Greston\",\"description\":\"\",\"potentialAction\":[{\"@type\":\"SearchAction\",\"target\":{\"@type\":\"EntryPoint\",\"urlTemplate\":\"https:\/\/klienci.scepter.agency\/greston\/?s={search_term_string}\"},\"query-input\":\"required name=search_term_string\"}],\"inLanguage\":\"pl-PL\"}]}<\/script>\n<!-- \/ Yoast SEO plugin. -->","yoast_head_json":{"title":"DURAVIT LUV wanna naro\u017cna 1850x950 - Salon \u0142azienek Warszawa, armatura, gresy i akcesoria - Greston","description":"Du\u017ca i wygodna wanna w \u015bwietnej cenie.","robots":{"index":"noindex","follow":"follow","max-snippet":"max-snippet:-1","max-image-preview":"max-image-preview:large","max-video-preview":"max-video-preview:-1"},"og_locale":"pl_PL","og_type":"article","og_title":"DURAVIT LUV wanna naro\u017cna 1850x950 - Salon \u0142azienek Warszawa, armatura, gresy i akcesoria - Greston","og_description":"Du\u017ca i wygodna wanna w \u015bwietnej cenie.","og_url":"https:\/\/klienci.scepter.agency\/greston\/produkt\/duravit-luv-wanna-narozna-1850x950\/","og_site_name":"Salon \u0142azienek Warszawa, armatura, gresy i akcesoria - Greston","article_modified_time":"2024-10-01T08:54:54+00:00","og_image":[{"width":1278,"height":639,"url":"https:\/\/klienci.scepter.agency\/greston\/wp-content\/uploads\/2024\/10\/Duravit-Luv-bathtub-700431000000000-185-x-95-x-46-cm-left-paneling-and-frame-2-back-rests-white.jpg","type":"image\/jpeg"}],"twitter_card":"summary_large_image","twitter_misc":{"Szacowany czas czytania":"1 minuta"},"schema":{"@context":"https:\/\/schema.org","@graph":[{"@type":"WebPage","@id":"https:\/\/klienci.scepter.agency\/greston\/produkt\/duravit-luv-wanna-narozna-1850x950\/","url":"https:\/\/klienci.scepter.agency\/greston\/produkt\/duravit-luv-wanna-narozna-1850x950\/","name":"DURAVIT LUV wanna naro\u017cna 1850x950 - Salon \u0142azienek Warszawa, armatura, gresy i akcesoria - Greston","isPartOf":{"@id":"https:\/\/klienci.scepter.agency\/greston\/#website"},"primaryImageOfPage":{"@id":"https:\/\/klienci.scepter.agency\/greston\/produkt\/duravit-luv-wanna-narozna-1850x950\/#primaryimage"},"image":{"@id":"https:\/\/klienci.scepter.agency\/greston\/produkt\/duravit-luv-wanna-narozna-1850x950\/#primaryimage"},"thumbnailUrl":"https:\/\/klienci.scepter.agency\/greston\/wp-content\/uploads\/2024\/10\/Duravit-Luv-bathtub-700431000000000-185-x-95-x-46-cm-left-paneling-and-frame-2-back-rests-white.jpg","datePublished":"2024-10-01T08:36:41+00:00","dateModified":"2024-10-01T08:54:54+00:00","description":"Du\u017ca i wygodna wanna w \u015bwietnej cenie.","breadcrumb":{"@id":"https:\/\/klienci.scepter.agency\/greston\/produkt\/duravit-luv-wanna-narozna-1850x950\/#breadcrumb"},"inLanguage":"pl-PL","potentialAction":[{"@type":"ReadAction","target":["https:\/\/klienci.scepter.agency\/greston\/produkt\/duravit-luv-wanna-narozna-1850x950\/"]}]},{"@type":"ImageObject","inLanguage":"pl-PL","@id":"https:\/\/klienci.scepter.agency\/greston\/produkt\/duravit-luv-wanna-narozna-1850x950\/#primaryimage","url":"https:\/\/klienci.scepter.agency\/greston\/wp-content\/uploads\/2024\/10\/Duravit-Luv-bathtub-700431000000000-185-x-95-x-46-cm-left-paneling-and-frame-2-back-rests-white.jpg","contentUrl":"https:\/\/klienci.scepter.agency\/greston\/wp-content\/uploads\/2024\/10\/Duravit-Luv-bathtub-700431000000000-185-x-95-x-46-cm-left-paneling-and-frame-2-back-rests-white.jpg","width":1278,"height":639},{"@type":"BreadcrumbList","@id":"https:\/\/klienci.scepter.agency\/greston\/produkt\/duravit-luv-wanna-narozna-1850x950\/#breadcrumb","itemListElement":[{"@type":"ListItem","position":1,"name":"Strona g\u0142\u00f3wna","item":"https:\/\/klienci.scepter.agency\/greston\/"},{"@type":"ListItem","position":2,"name":"DURAVIT LUV wanna naro\u017cna 1850&#215;950"}]},{"@type":"WebSite","@id":"https:\/\/klienci.scepter.agency\/greston\/#website","url":"https:\/\/klienci.scepter.agency\/greston\/","name":"Salon \u0142azienek Warszawa, armatura, gresy i akcesoria - Greston","description":"","potentialAction":[{"@type":"SearchAction","target":{"@type":"EntryPoint","urlTemplate":"https:\/\/klienci.scepter.agency\/greston\/?s={search_term_string}"},"query-input":"required name=search_term_string"}],"inLanguage":"pl-PL"}]}},"_links":{"self":[{"href":"https:\/\/klienci.scepter.agency\/greston\/wp-json\/wp\/v2\/product\/1469","targetHints":{"allow":["GET"]}}],"collection":[{"href":"https:\/\/klienci.scepter.agency\/greston\/wp-json\/wp\/v2\/product"}],"about":[{"href":"https:\/\/klienci.scepter.agency\/greston\/wp-json\/wp\/v2\/types\/product"}],"replies":[{"embeddable":true,"href":"https:\/\/klienci.scepter.agency\/greston\/wp-json\/wp\/v2\/comments?post=1469"}],"wp:featuredmedia":[{"embeddable":true,"href":"https:\/\/klienci.scepter.agency\/greston\/wp-json\/wp\/v2\/media\/1471"}],"wp:attachment":[{"href":"https:\/\/klienci.scepter.agency\/greston\/wp-json\/wp\/v2\/media?parent=1469"}],"wp:term":[{"taxonomy":"product_cat","embeddable":true,"href":"https:\/\/klienci.scepter.agency\/greston\/wp-json\/wp\/v2\/product_cat?post=1469"},{"taxonomy":"product_tag","embeddable":true,"href":"https:\/\/klienci.scepter.agency\/greston\/wp-json\/wp\/v2\/product_tag?post=1469"}],"curies":[{"name":"wp","href":"https:\/\/api.w.org\/{rel}","templated":true}]}}