{"id":93,"date":"2024-03-13T12:58:21","date_gmt":"2024-03-13T11:58:21","guid":{"rendered":"https:\/\/klienci.scepter.agency\/hejna\/?page_id=93"},"modified":"2024-04-01T21:39:07","modified_gmt":"2024-04-01T19:39:07","slug":"team","status":"publish","type":"page","link":"https:\/\/klienci.scepter.agency\/hejna\/team\/","title":{"rendered":"Team"},"content":{"rendered":"\n<h2 class=\"wp-block-heading has-text-align-center\">Kim jeste\u015bmy?<\/h2>\n\n\n\n<p class=\"has-text-align-center\">Dw\u00f3jk\u0105 pasjonat\u00f3w do\u015bwiadczonych w d\u0142ugich rejsach i w wyprawach do miejsc niedost\u0119pnych dla cz\u0142owieka. Opr\u00f3cz bezpiecze\u0144stwa wa\u017cna jest dla nas atmosfera na rejsach, dlatego dbamy o integracj\u0119 i zgranie za\u0142ogi. Na Svalbardzie wyprawy prowadzimy ju\u017c od kilku lat, dlatego zapewniamy rejsy przygotowane profesjonalnie, z uwzgl\u0119dnieniem wszystkich lokalnych wymaga\u0144 i zgodnie z zasad\u0105 wzajemnej szczero\u015bci &#8211; nie bawimy si\u0119 w ukryte koszty, naci\u0105gane prognozy i szukanie pozornych oszcz\u0119dno\u015bci. Wierzymy, \u017ce dzi\u0119ki temu jeste\u015bmy w stanie da\u0107 Wam tak\u0105 Arktyk\u0119, jak\u0105 sami poznali\u015bmy &#8211; dzik\u0105, brutalnie surow\u0105 i pora\u017caj\u0105co pi\u0119kn\u0105.<\/p>\n","protected":false},"excerpt":{"rendered":"<p>Kim jeste\u015bmy? Dw\u00f3jk\u0105 pasjonat\u00f3w do\u015bwiadczonych w d\u0142ugich rejsach i w wyprawach do miejsc niedost\u0119pnych dla cz\u0142owieka. Opr\u00f3cz bezpiecze\u0144stwa wa\u017cna jest dla nas atmosfera na rejsach, dlatego dbamy o integracj\u0119 i zgranie za\u0142ogi. Na Svalbardzie wyprawy prowadzimy ju\u017c od kilku lat, dlatego zapewniamy rejsy przygotowane profesjonalnie, z uwzgl\u0119dnieniem wszystkich lokalnych wymaga\u0144 i zgodnie z zasad\u0105 wzajemnej [&hellip;]<\/p>\n","protected":false},"author":1,"featured_media":1454,"parent":0,"menu_order":2,"comment_status":"closed","ping_status":"closed","template":"pages\/zaloga.php","meta":{"inline_featured_image":false,"footnotes":""},"class_list":["post-93","page","type-page","status-publish","has-post-thumbnail","hentry"],"acf":[],"_links":{"self":[{"href":"https:\/\/klienci.scepter.agency\/hejna\/wp-json\/wp\/v2\/pages\/93","targetHints":{"allow":["GET"]}}],"collection":[{"href":"https:\/\/klienci.scepter.agency\/hejna\/wp-json\/wp\/v2\/pages"}],"about":[{"href":"https:\/\/klienci.scepter.agency\/hejna\/wp-json\/wp\/v2\/types\/page"}],"author":[{"embeddable":true,"href":"https:\/\/klienci.scepter.agency\/hejna\/wp-json\/wp\/v2\/users\/1"}],"replies":[{"embeddable":true,"href":"https:\/\/klienci.scepter.agency\/hejna\/wp-json\/wp\/v2\/comments?post=93"}],"version-history":[{"count":25,"href":"https:\/\/klienci.scepter.agency\/hejna\/wp-json\/wp\/v2\/pages\/93\/revisions"}],"predecessor-version":[{"id":1520,"href":"https:\/\/klienci.scepter.agency\/hejna\/wp-json\/wp\/v2\/pages\/93\/revisions\/1520"}],"wp:featuredmedia":[{"embeddable":true,"href":"https:\/\/klienci.scepter.agency\/hejna\/wp-json\/wp\/v2\/media\/1454"}],"wp:attachment":[{"href":"https:\/\/klienci.scepter.agency\/hejna\/wp-json\/wp\/v2\/media?parent=93"}],"curies":[{"name":"wp","href":"https:\/\/api.w.org\/{rel}","templated":true}]}}