{"id":226,"date":"2024-01-19T20:13:22","date_gmt":"2024-01-19T19:13:22","guid":{"rendered":"https:\/\/klienci.scepter.agency\/pod_bocianem\/?page_id=226"},"modified":"2024-01-20T11:25:38","modified_gmt":"2024-01-20T10:25:38","slug":"about-us","status":"publish","type":"page","link":"https:\/\/klienci.scepter.agency\/pod_bocianem\/en\/about-us\/","title":{"rendered":"About us"},"content":{"rendered":"\n<h2 class=\"wp-block-heading has-text-align-center\">Restauracja w samym centrum <\/h2>\n\n\n\n<h2 class=\"wp-block-heading has-text-align-center\">Ojcowskiego Parku Narodowego<\/h2>\n\n\n\n<div style=\"height:150px\" aria-hidden=\"true\" class=\"wp-block-spacer\"><\/div>\n\n\n\n<div class=\"wp-block-columns is-layout-flex wp-container-core-columns-is-layout-9d6595d7 wp-block-columns-is-layout-flex\">\n<div class=\"wp-block-column is-layout-flow wp-block-column-is-layout-flow\">\n<p>The standard Lorem Ipsum passage, used since the 1500s &#8222;Lorem ipsum dolor sit amet, consectetur adipiscing elit, sed do eiusmod tempor incididunt ut labore et dolore magna aliqua.<\/p>\n\n\n\n<div style=\"height:50px\" aria-hidden=\"true\" class=\"wp-block-spacer\"><\/div>\n\n\n\n<p>Willa Pod Bocianem zlokalizowana jest w samym sercu malowniczego Ojcowa, u wylotu Doliny S\u0105spowskiej. Doskona\u0142a lokalizacja budynku sprzyja zar\u00f3wno pieszym w\u0119dr\u00f3wkom, jak i rowerowym przeja\u017cd\u017ckom. Zapraszamy Pa\u0144stwa do wypoczynku w naszym domu z ponad 200-letni\u0105 histori\u0105.<\/p>\n\n\n\n<div style=\"height:50px\" aria-hidden=\"true\" class=\"wp-block-spacer\"><\/div>\n\n\n\n<p>Willa Pod Bocianem zlokalizowana jest w samym sercu malowniczego Ojcowa, u wylotu Doliny S\u0105spowskiej. Doskona\u0142a lokalizacja budynku sprzyja zar\u00f3wno pieszym w\u0119dr\u00f3wkom, jak i rowerowym przeja\u017cd\u017ckom. Zapraszamy Pa\u0144stwa do wypoczynku w naszym domu z ponad 200-letni\u0105 histori\u0105.<\/p>\n<\/div>\n\n\n\n<div class=\"wp-block-column is-layout-flow wp-block-column-is-layout-flow\">\n<figure class=\"wp-block-image size-full\"><img decoding=\"async\" src=\"https:\/\/klienci.scepter.agency\/pod_bocianem\/wp-content\/uploads\/2023\/12\/Image-22.png\" alt=\"\" class=\"wp-image-42\"\/><\/figure>\n<\/div>\n<\/div>\n\n\n\n<p><\/p>\n\n\n\n<div style=\"height:100px\" aria-hidden=\"true\" class=\"wp-block-spacer\"><\/div>\n\n\n\n<div class=\"wp-block-columns is-layout-flex wp-container-core-columns-is-layout-9d6595d7 wp-block-columns-is-layout-flex\">\n<div class=\"wp-block-column is-layout-flow wp-block-column-is-layout-flow\">\n<figure class=\"wp-block-image size-full\"><img decoding=\"async\" src=\"https:\/\/klienci.scepter.agency\/pod_bocianem\/wp-content\/uploads\/2023\/12\/Mask-Group-3.png\" alt=\"\" class=\"wp-image-35\"\/><\/figure>\n<\/div>\n\n\n\n<div class=\"wp-block-column is-layout-flow wp-block-column-is-layout-flow\">\n<p>Willa Pod Bocianem zlokalizowana jest w samym sercu malowniczego Ojcowa, u wylotu Doliny S\u0105spowskiej. Doskona\u0142a lokalizacja budynku sprzyja zar\u00f3wno pieszym w\u0119dr\u00f3wkom, jak i rowerowym przeja\u017cd\u017ckom. Zapraszamy Pa\u0144stwa do wypoczynku w naszym domu z ponad 200-letni\u0105 histori\u0105.<\/p>\n\n\n\n<p>The standard Lorem Ipsum passage, used since the 1500s &#8222;Lorem ipsum dolor sit amet, consectetur adipiscing elit, sed do eiusmod tempor incididunt ut labore et dolore magna aliqua.<\/p>\n<\/div>\n<\/div>\n\n\n\n<div style=\"height:100px\" aria-hidden=\"true\" class=\"wp-block-spacer\"><\/div>\n\n\n\n<div class=\"wp-block-columns is-layout-flex wp-container-core-columns-is-layout-9d6595d7 wp-block-columns-is-layout-flex\">\n<div class=\"wp-block-column is-layout-flow wp-block-column-is-layout-flow\">\n<figure class=\"wp-block-image size-full\"><img loading=\"lazy\" decoding=\"async\" width=\"832\" height=\"687\" src=\"https:\/\/klienci.scepter.agency\/pod_bocianem\/wp-content\/uploads\/2023\/12\/Image-14.png\" alt=\"\" class=\"wp-image-124\" srcset=\"https:\/\/klienci.scepter.agency\/pod_bocianem\/wp-content\/uploads\/2023\/12\/Image-14.png 832w, https:\/\/klienci.scepter.agency\/pod_bocianem\/wp-content\/uploads\/2023\/12\/Image-14-300x248.png 300w, https:\/\/klienci.scepter.agency\/pod_bocianem\/wp-content\/uploads\/2023\/12\/Image-14-768x634.png 768w\" sizes=\"auto, (max-width: 832px) 100vw, 832px\" \/><\/figure>\n<\/div>\n\n\n\n<div class=\"wp-block-column is-layout-flow wp-block-column-is-layout-flow\">\n<p>Willa Pod Bocianem zlokalizowana jest w samym sercu malowniczego Ojcowa, u wylotu Doliny S\u0105spowskiej. Doskona\u0142a lokalizacja budynku sprzyja zar\u00f3wno pieszym w\u0119dr\u00f3wkom, jak i rowerowym przeja\u017cd\u017ckom. Zapraszamy Pa\u0144stwa do wypoczynku w naszym domu z ponad 200-letni\u0105 histori\u0105.<\/p>\n\n\n\n<p>The standard Lorem Ipsum passage, used since the 1500s &#8222;Lorem ipsum dolor sit amet, consectetur adipiscing elit, sed do eiusmod tempor incididunt ut labore et dolore magna aliqua.<\/p>\n<\/div>\n<\/div>\n\n\n\n<div class=\"wp-block-columns is-layout-flex wp-container-core-columns-is-layout-9d6595d7 wp-block-columns-is-layout-flex\">\n<div class=\"wp-block-column is-layout-flow wp-block-column-is-layout-flow\">\n<figure class=\"wp-block-image size-full is-resized\"><img decoding=\"async\" src=\"https:\/\/klienci.scepter.agency\/pod_bocianem\/wp-content\/uploads\/2023\/12\/Mask-Group-1.png\" alt=\"\" class=\"wp-image-34\" style=\"width:840px;height:auto\"\/><\/figure>\n<\/div>\n<\/div>\n\n\n\n<h2 class=\"wp-block-heading\">Willa Pod Bocianem <\/h2>\n\n\n\n<p>zlokalizowana jest w samym sercu malowniczego Ojcowa, u wylotu Doliny S\u0105spowskiej. Doskona\u0142a lokalizacja budynku sprzyja zar\u00f3wno pieszym w\u0119dr\u00f3wkom, jak i rowerowym przeja\u017cd\u017ckom. Zapraszamy Pa\u0144stwa do wypoczynku w naszym domu z ponad 200-letni\u0105 histori\u0105.<\/p>\n\n\n\n<p>The standard Lorem Ipsum passage, used since the 1500s &#8222;Lorem ipsum dolor sit amet, consectetur adipiscing elit, sed do eiusmod tempor incididunt ut labore et dolore magna aliqua.<\/p>\n\n\n\n<p>The standard Lorem Ipsum passage, used since the 1500s &#8222;Lorem ipsum dolor sit amet, consectetur adipiscing elit, sed do eiusmod tempor incididunt ut labore et dolore magna aliqua.<\/p>\n","protected":false},"excerpt":{"rendered":"<p>Restauracja w samym centrum Ojcowskiego Parku Narodowego The standard Lorem Ipsum passage, used since the 1500s &#8222;Lorem ipsum dolor sit amet, consectetur adipiscing elit, sed do eiusmod tempor incididunt ut labore et dolore magna aliqua. Willa Pod Bocianem zlokalizowana jest w samym sercu malowniczego Ojcowa, u wylotu Doliny S\u0105spowskiej. Doskona\u0142a lokalizacja budynku sprzyja zar\u00f3wno pieszym [&hellip;]<\/p>\n","protected":false},"author":1,"featured_media":0,"parent":0,"menu_order":7,"comment_status":"closed","ping_status":"closed","template":"pages\/onas.php","meta":{"inline_featured_image":false,"footnotes":""},"class_list":["post-226","page","type-page","status-publish","hentry"],"acf":[],"_links":{"self":[{"href":"https:\/\/klienci.scepter.agency\/pod_bocianem\/wp-json\/wp\/v2\/pages\/226","targetHints":{"allow":["GET"]}}],"collection":[{"href":"https:\/\/klienci.scepter.agency\/pod_bocianem\/wp-json\/wp\/v2\/pages"}],"about":[{"href":"https:\/\/klienci.scepter.agency\/pod_bocianem\/wp-json\/wp\/v2\/types\/page"}],"author":[{"embeddable":true,"href":"https:\/\/klienci.scepter.agency\/pod_bocianem\/wp-json\/wp\/v2\/users\/1"}],"replies":[{"embeddable":true,"href":"https:\/\/klienci.scepter.agency\/pod_bocianem\/wp-json\/wp\/v2\/comments?post=226"}],"version-history":[{"count":2,"href":"https:\/\/klienci.scepter.agency\/pod_bocianem\/wp-json\/wp\/v2\/pages\/226\/revisions"}],"predecessor-version":[{"id":259,"href":"https:\/\/klienci.scepter.agency\/pod_bocianem\/wp-json\/wp\/v2\/pages\/226\/revisions\/259"}],"wp:attachment":[{"href":"https:\/\/klienci.scepter.agency\/pod_bocianem\/wp-json\/wp\/v2\/media?parent=226"}],"curies":[{"name":"wp","href":"https:\/\/api.w.org\/{rel}","templated":true}]}}